{"id":7446,"date":"2024-11-13T09:53:46","date_gmt":"2024-11-13T09:53:46","guid":{"rendered":"https:\/\/aplimedia.com\/tutoriales\/?page_id=7446"},"modified":"2025-03-11T15:33:45","modified_gmt":"2025-03-11T15:33:45","slug":"facturas-exentas-ticketbai","status":"publish","type":"page","link":"https:\/\/aplimedia.com\/tutoriales\/ticketbai\/facturas-exentas-ticketbai\/","title":{"rendered":"Facturas exentas de I.V.A con TicketBAI"},"content":{"rendered":"\t\t<div data-elementor-type=\"wp-page\" data-elementor-id=\"7446\" class=\"elementor elementor-7446\" data-elementor-post-type=\"page\">\n\t\t\t\t\t\t<section class=\"elementor-section elementor-top-section elementor-element elementor-element-a7b2b66 elementor-section-stretched elementor-section-boxed elementor-section-height-default elementor-section-height-default\" data-id=\"a7b2b66\" data-element_type=\"section\" data-e-type=\"section\" data-settings=\"{&quot;stretch_section&quot;:&quot;section-stretched&quot;}\">\n\t\t\t\t\t\t<div class=\"elementor-container elementor-column-gap-default\">\n\t\t\t\t\t<div class=\"elementor-column elementor-col-100 elementor-top-column elementor-element elementor-element-924c023\" data-id=\"924c023\" data-element_type=\"column\" data-e-type=\"column\">\n\t\t\t<div class=\"elementor-widget-wrap elementor-element-populated\">\n\t\t\t\t\t\t<div class=\"elementor-element elementor-element-d78d868 elementor-widget elementor-widget-text-editor\" data-id=\"d78d868\" data-element_type=\"widget\" data-e-type=\"widget\" data-widget_type=\"text-editor.default\">\n\t\t\t\t<div class=\"elementor-widget-container\">\n\t\t\t\t\t\t\t\t\t<p class=\"aplimediacalibri\">Si emites <strong>facturas exentas de I.V.A<\/strong> es importante que configures todo correctamente en Secre para que esa facturas vayan a TicketBAI con el motivo de exenci\u00f3n correcto.<\/p><p>Si el motivo de no aplicar I.V.A. a tu factura es alguno de los siguientes, sigue los pasos indicados en estos tutoriales para registrar la factura:<\/p><ul><li><a href=\"https:\/\/aplimedia.com\/tutoriales\/ticketbai\/sin-iva-ticketbai\/\">Facturas a clientes intracomunitarios, de exportaci\u00f3n o de Canarias<\/a><\/li><li><a href=\"https:\/\/aplimedia.com\/tutoriales\/ticketbai\/sujeto-pasivo-ticketbai\/\">Facturas con inversi\u00f3n del sujeto pasivo<\/a><\/li><\/ul>\t\t\t\t\t\t\t\t<\/div>\n\t\t\t\t<\/div>\n\t\t\t\t<div class=\"elementor-element elementor-element-6ddf0d7 elementor-widget elementor-widget-text-editor\" data-id=\"6ddf0d7\" data-element_type=\"widget\" data-e-type=\"widget\" data-widget_type=\"text-editor.default\">\n\t\t\t\t<div class=\"elementor-widget-container\">\n\t\t\t\t\t\t\t\t\t<p class=\"aplimediacalibri\">Si el motivo por el que tu factura est\u00e1 exenta de I.V.A no es ninguno de esos, deber\u00e1s averiguar por qu\u00e9 art\u00edculo de la Ley de I.V.A&nbsp; se aplica la exenci\u00f3n en tu caso concreto.&nbsp;<\/p><p class=\"aplimediacalibri\">Cuando tengas este dato, ve, desde la pantalla principal de Secre, a <em><strong>Herramientas&gt;Par\u00e1metros y valores por defecto<\/strong><\/em>.<\/p>\t\t\t\t\t\t\t\t<\/div>\n\t\t\t\t<\/div>\n\t\t\t\t<div class=\"elementor-element elementor-element-2b474f9 elementor-widget elementor-widget-image\" data-id=\"2b474f9\" data-element_type=\"widget\" data-e-type=\"widget\" data-widget_type=\"image.default\">\n\t\t\t\t<div class=\"elementor-widget-container\">\n\t\t\t\t\t\t\t\t\t\t\t\t\t\t\t<img fetchpriority=\"high\" decoding=\"async\" width=\"814\" height=\"577\" src=\"https:\/\/aplimedia.com\/tutoriales\/wp-content\/uploads\/2024\/11\/exencionesticketbai1.jpg\" class=\"attachment-large size-large wp-image-7448\" alt=\"\" srcset=\"https:\/\/aplimedia.com\/tutoriales\/wp-content\/uploads\/2024\/11\/exencionesticketbai1.jpg 814w, https:\/\/aplimedia.com\/tutoriales\/wp-content\/uploads\/2024\/11\/exencionesticketbai1-768x544.jpg 768w\" sizes=\"(max-width: 814px) 100vw, 814px\" \/>\t\t\t\t\t\t\t\t\t\t\t\t\t\t\t<\/div>\n\t\t\t\t<\/div>\n\t\t\t\t<div class=\"elementor-element elementor-element-7f2b89e elementor-widget elementor-widget-text-editor\" data-id=\"7f2b89e\" data-element_type=\"widget\" data-e-type=\"widget\" data-widget_type=\"text-editor.default\">\n\t\t\t\t<div class=\"elementor-widget-container\">\n\t\t\t\t\t\t\t\t\t<p class=\"aplimediacalibri\">Despu\u00e9s, ve a la pesta\u00f1a <strong><em>Opciones contabilidad<\/em><\/strong> y, en el desplegable \u00ab<em><strong>Exenciones Iva TicketBAI<\/strong><\/em>\u00ab, escoge el art\u00edculo que corresponda a tus facturas exentas.<\/p>\t\t\t\t\t\t\t\t<\/div>\n\t\t\t\t<\/div>\n\t\t\t\t<div class=\"elementor-element elementor-element-548d816 elementor-widget elementor-widget-image\" data-id=\"548d816\" data-element_type=\"widget\" data-e-type=\"widget\" data-widget_type=\"image.default\">\n\t\t\t\t<div class=\"elementor-widget-container\">\n\t\t\t\t\t\t\t\t\t\t\t\t\t\t\t<img decoding=\"async\" width=\"1901\" height=\"937\" src=\"https:\/\/aplimedia.com\/tutoriales\/wp-content\/uploads\/2024\/11\/exencionesticketbai2.jpg\" class=\"attachment-large size-large wp-image-7449\" alt=\"\" srcset=\"https:\/\/aplimedia.com\/tutoriales\/wp-content\/uploads\/2024\/11\/exencionesticketbai2.jpg 1901w, https:\/\/aplimedia.com\/tutoriales\/wp-content\/uploads\/2024\/11\/exencionesticketbai2-768x379.jpg 768w, https:\/\/aplimedia.com\/tutoriales\/wp-content\/uploads\/2024\/11\/exencionesticketbai2-1536x757.jpg 1536w\" sizes=\"(max-width: 1901px) 100vw, 1901px\" \/>\t\t\t\t\t\t\t\t\t\t\t\t\t\t\t<\/div>\n\t\t\t\t<\/div>\n\t\t\t\t<div class=\"elementor-element elementor-element-bec22ef elementor-widget elementor-widget-text-editor\" data-id=\"bec22ef\" data-element_type=\"widget\" data-e-type=\"widget\" data-widget_type=\"text-editor.default\">\n\t\t\t\t<div class=\"elementor-widget-container\">\n\t\t\t\t\t\t\t\t\t<p class=\"aplimediacalibri\">No olvides <strong>guardar los cambios con el<\/strong><em><strong> disquette<\/strong><\/em>.<\/p><p>Una vez aplicado el cambio, <strong>cuando emitas facturas SIN I.V.A<\/strong> (que no sean intracomunitarias, exportaciones o facturas a Canarias y que no vayan con inversi\u00f3n del sujeto pasivo) <strong>se enviar\u00e1n a TicketBAI con el motivo de exenci\u00f3n indicado<\/strong> en los par\u00e1metros.<\/p>\t\t\t\t\t\t\t\t<\/div>\n\t\t\t\t<\/div>\n\t\t\t\t<div class=\"elementor-element elementor-element-6438b8e elementor-widget elementor-widget-spacer\" data-id=\"6438b8e\" data-element_type=\"widget\" data-e-type=\"widget\" data-widget_type=\"spacer.default\">\n\t\t\t\t<div class=\"elementor-widget-container\">\n\t\t\t\t\t\t\t<div class=\"elementor-spacer\">\n\t\t\t<div class=\"elementor-spacer-inner\"><\/div>\n\t\t<\/div>\n\t\t\t\t\t\t<\/div>\n\t\t\t\t<\/div>\n\t\t\t\t\t<\/div>\n\t\t<\/div>\n\t\t\t\t\t<\/div>\n\t\t<\/section>\n\t\t\t\t<\/div>\n\t\t","protected":false},"excerpt":{"rendered":"<p>Si emites facturas exentas de I.V.A es importante que configures todo correctamente en Secre para que esa facturas vayan a TicketBAI con el motivo de exenci\u00f3n correcto. Si el motivo de no aplicar I.V.A. a tu factura es alguno de los siguientes, sigue los pasos indicados en estos tutoriales para registrar la factura: Facturas a [&hellip;]<\/p>\n","protected":false},"author":1,"featured_media":0,"parent":4249,"menu_order":0,"comment_status":"closed","ping_status":"closed","template":"","meta":{"footnotes":""},"class_list":["post-7446","page","type-page","status-publish","hentry"],"yoast_head":"<!-- This site is optimized with the Yoast SEO plugin v27.6 - https:\/\/yoast.com\/product\/yoast-seo-wordpress\/ -->\n<title>Facturas exentas de I.V.A con TicketBAI | Tutoriales de Secre<\/title>\n<meta name=\"robots\" content=\"index, follow, max-snippet:-1, max-image-preview:large, max-video-preview:-1\" \/>\n<link rel=\"canonical\" href=\"https:\/\/aplimedia.com\/tutoriales\/ticketbai\/facturas-exentas-ticketbai\/\" \/>\n<meta property=\"og:locale\" content=\"es_ES\" \/>\n<meta property=\"og:type\" content=\"article\" \/>\n<meta property=\"og:title\" content=\"Facturas exentas de I.V.A con TicketBAI | Tutoriales de Secre\" \/>\n<meta property=\"og:description\" content=\"Si emites facturas exentas de I.V.A es importante que configures todo correctamente en Secre para que esa facturas vayan a TicketBAI con el motivo de exenci\u00f3n correcto. Si el motivo de no aplicar I.V.A. a tu factura es alguno de los siguientes, sigue los pasos indicados en estos tutoriales para registrar la factura: Facturas a [&hellip;]\" \/>\n<meta property=\"og:url\" content=\"https:\/\/aplimedia.com\/tutoriales\/ticketbai\/facturas-exentas-ticketbai\/\" \/>\n<meta property=\"og:site_name\" content=\"Tutoriales de Secre\" \/>\n<meta property=\"article:modified_time\" content=\"2025-03-11T15:33:45+00:00\" \/>\n<meta property=\"og:image\" content=\"https:\/\/aplimedia.com\/tutoriales\/wp-content\/uploads\/2024\/11\/exencionesticketbai1.jpg\" \/>\n\t<meta property=\"og:image:width\" content=\"814\" \/>\n\t<meta property=\"og:image:height\" content=\"577\" \/>\n\t<meta property=\"og:image:type\" content=\"image\/jpeg\" \/>\n<meta name=\"twitter:card\" content=\"summary_large_image\" \/>\n<meta name=\"twitter:label1\" content=\"Tiempo de lectura\" \/>\n\t<meta name=\"twitter:data1\" content=\"2 minutos\" \/>\n<script type=\"application\/ld+json\" class=\"yoast-schema-graph\">{\"@context\":\"https:\\\/\\\/schema.org\",\"@graph\":[{\"@type\":\"WebPage\",\"@id\":\"https:\\\/\\\/aplimedia.com\\\/tutoriales\\\/ticketbai\\\/facturas-exentas-ticketbai\\\/\",\"url\":\"https:\\\/\\\/aplimedia.com\\\/tutoriales\\\/ticketbai\\\/facturas-exentas-ticketbai\\\/\",\"name\":\"Facturas exentas de I.V.A con TicketBAI | Tutoriales de Secre\",\"isPartOf\":{\"@id\":\"https:\\\/\\\/aplimedia.com\\\/tutoriales\\\/#website\"},\"primaryImageOfPage\":{\"@id\":\"https:\\\/\\\/aplimedia.com\\\/tutoriales\\\/ticketbai\\\/facturas-exentas-ticketbai\\\/#primaryimage\"},\"image\":{\"@id\":\"https:\\\/\\\/aplimedia.com\\\/tutoriales\\\/ticketbai\\\/facturas-exentas-ticketbai\\\/#primaryimage\"},\"thumbnailUrl\":\"https:\\\/\\\/aplimedia.com\\\/tutoriales\\\/wp-content\\\/uploads\\\/2024\\\/11\\\/exencionesticketbai1.jpg\",\"datePublished\":\"2024-11-13T09:53:46+00:00\",\"dateModified\":\"2025-03-11T15:33:45+00:00\",\"breadcrumb\":{\"@id\":\"https:\\\/\\\/aplimedia.com\\\/tutoriales\\\/ticketbai\\\/facturas-exentas-ticketbai\\\/#breadcrumb\"},\"inLanguage\":\"es\",\"potentialAction\":[{\"@type\":\"ReadAction\",\"target\":[\"https:\\\/\\\/aplimedia.com\\\/tutoriales\\\/ticketbai\\\/facturas-exentas-ticketbai\\\/\"]}]},{\"@type\":\"ImageObject\",\"inLanguage\":\"es\",\"@id\":\"https:\\\/\\\/aplimedia.com\\\/tutoriales\\\/ticketbai\\\/facturas-exentas-ticketbai\\\/#primaryimage\",\"url\":\"https:\\\/\\\/aplimedia.com\\\/tutoriales\\\/wp-content\\\/uploads\\\/2024\\\/11\\\/exencionesticketbai1.jpg\",\"contentUrl\":\"https:\\\/\\\/aplimedia.com\\\/tutoriales\\\/wp-content\\\/uploads\\\/2024\\\/11\\\/exencionesticketbai1.jpg\",\"width\":814,\"height\":577},{\"@type\":\"BreadcrumbList\",\"@id\":\"https:\\\/\\\/aplimedia.com\\\/tutoriales\\\/ticketbai\\\/facturas-exentas-ticketbai\\\/#breadcrumb\",\"itemListElement\":[{\"@type\":\"ListItem\",\"position\":1,\"name\":\"Tutoriales\",\"item\":\"https:\\\/\\\/aplimedia.com\\\/tutoriales\\\/\"},{\"@type\":\"ListItem\",\"position\":2,\"name\":\"TicketBAI\",\"item\":\"https:\\\/\\\/aplimedia.com\\\/tutoriales\\\/ticketbai\\\/\"},{\"@type\":\"ListItem\",\"position\":3,\"name\":\"Facturas exentas de I.V.A con TicketBAI\"}]},{\"@type\":\"WebSite\",\"@id\":\"https:\\\/\\\/aplimedia.com\\\/tutoriales\\\/#website\",\"url\":\"https:\\\/\\\/aplimedia.com\\\/tutoriales\\\/\",\"name\":\"Tutoriales de Secre\",\"description\":\"Tutoriales del software de gesti\u00f3n Secre\",\"publisher\":{\"@id\":\"https:\\\/\\\/aplimedia.com\\\/tutoriales\\\/#organization\"},\"potentialAction\":[{\"@type\":\"SearchAction\",\"target\":{\"@type\":\"EntryPoint\",\"urlTemplate\":\"https:\\\/\\\/aplimedia.com\\\/tutoriales\\\/?s={search_term_string}\"},\"query-input\":{\"@type\":\"PropertyValueSpecification\",\"valueRequired\":true,\"valueName\":\"search_term_string\"}}],\"inLanguage\":\"es\"},{\"@type\":\"Organization\",\"@id\":\"https:\\\/\\\/aplimedia.com\\\/tutoriales\\\/#organization\",\"name\":\"Tutoriales de Secre\",\"url\":\"https:\\\/\\\/aplimedia.com\\\/tutoriales\\\/\",\"logo\":{\"@type\":\"ImageObject\",\"inLanguage\":\"es\",\"@id\":\"https:\\\/\\\/aplimedia.com\\\/tutoriales\\\/#\\\/schema\\\/logo\\\/image\\\/\",\"url\":\"https:\\\/\\\/aplimedia.com\\\/tutoriales\\\/wp-content\\\/uploads\\\/2022\\\/03\\\/cropped-logotipo-aplimedia.png\",\"contentUrl\":\"https:\\\/\\\/aplimedia.com\\\/tutoriales\\\/wp-content\\\/uploads\\\/2022\\\/03\\\/cropped-logotipo-aplimedia.png\",\"width\":2000,\"height\":658,\"caption\":\"Tutoriales de Secre\"},\"image\":{\"@id\":\"https:\\\/\\\/aplimedia.com\\\/tutoriales\\\/#\\\/schema\\\/logo\\\/image\\\/\"}}]}<\/script>\n<!-- \/ Yoast SEO plugin. -->","yoast_head_json":{"title":"Facturas exentas de I.V.A con TicketBAI | Tutoriales de Secre","robots":{"index":"index","follow":"follow","max-snippet":"max-snippet:-1","max-image-preview":"max-image-preview:large","max-video-preview":"max-video-preview:-1"},"canonical":"https:\/\/aplimedia.com\/tutoriales\/ticketbai\/facturas-exentas-ticketbai\/","og_locale":"es_ES","og_type":"article","og_title":"Facturas exentas de I.V.A con TicketBAI | Tutoriales de Secre","og_description":"Si emites facturas exentas de I.V.A es importante que configures todo correctamente en Secre para que esa facturas vayan a TicketBAI con el motivo de exenci\u00f3n correcto. Si el motivo de no aplicar I.V.A. a tu factura es alguno de los siguientes, sigue los pasos indicados en estos tutoriales para registrar la factura: Facturas a [&hellip;]","og_url":"https:\/\/aplimedia.com\/tutoriales\/ticketbai\/facturas-exentas-ticketbai\/","og_site_name":"Tutoriales de Secre","article_modified_time":"2025-03-11T15:33:45+00:00","og_image":[{"width":814,"height":577,"url":"https:\/\/aplimedia.com\/tutoriales\/wp-content\/uploads\/2024\/11\/exencionesticketbai1.jpg","type":"image\/jpeg"}],"twitter_card":"summary_large_image","twitter_misc":{"Tiempo de lectura":"2 minutos"},"schema":{"@context":"https:\/\/schema.org","@graph":[{"@type":"WebPage","@id":"https:\/\/aplimedia.com\/tutoriales\/ticketbai\/facturas-exentas-ticketbai\/","url":"https:\/\/aplimedia.com\/tutoriales\/ticketbai\/facturas-exentas-ticketbai\/","name":"Facturas exentas de I.V.A con TicketBAI | Tutoriales de Secre","isPartOf":{"@id":"https:\/\/aplimedia.com\/tutoriales\/#website"},"primaryImageOfPage":{"@id":"https:\/\/aplimedia.com\/tutoriales\/ticketbai\/facturas-exentas-ticketbai\/#primaryimage"},"image":{"@id":"https:\/\/aplimedia.com\/tutoriales\/ticketbai\/facturas-exentas-ticketbai\/#primaryimage"},"thumbnailUrl":"https:\/\/aplimedia.com\/tutoriales\/wp-content\/uploads\/2024\/11\/exencionesticketbai1.jpg","datePublished":"2024-11-13T09:53:46+00:00","dateModified":"2025-03-11T15:33:45+00:00","breadcrumb":{"@id":"https:\/\/aplimedia.com\/tutoriales\/ticketbai\/facturas-exentas-ticketbai\/#breadcrumb"},"inLanguage":"es","potentialAction":[{"@type":"ReadAction","target":["https:\/\/aplimedia.com\/tutoriales\/ticketbai\/facturas-exentas-ticketbai\/"]}]},{"@type":"ImageObject","inLanguage":"es","@id":"https:\/\/aplimedia.com\/tutoriales\/ticketbai\/facturas-exentas-ticketbai\/#primaryimage","url":"https:\/\/aplimedia.com\/tutoriales\/wp-content\/uploads\/2024\/11\/exencionesticketbai1.jpg","contentUrl":"https:\/\/aplimedia.com\/tutoriales\/wp-content\/uploads\/2024\/11\/exencionesticketbai1.jpg","width":814,"height":577},{"@type":"BreadcrumbList","@id":"https:\/\/aplimedia.com\/tutoriales\/ticketbai\/facturas-exentas-ticketbai\/#breadcrumb","itemListElement":[{"@type":"ListItem","position":1,"name":"Tutoriales","item":"https:\/\/aplimedia.com\/tutoriales\/"},{"@type":"ListItem","position":2,"name":"TicketBAI","item":"https:\/\/aplimedia.com\/tutoriales\/ticketbai\/"},{"@type":"ListItem","position":3,"name":"Facturas exentas de I.V.A con TicketBAI"}]},{"@type":"WebSite","@id":"https:\/\/aplimedia.com\/tutoriales\/#website","url":"https:\/\/aplimedia.com\/tutoriales\/","name":"Tutoriales de Secre","description":"Tutoriales del software de gesti\u00f3n Secre","publisher":{"@id":"https:\/\/aplimedia.com\/tutoriales\/#organization"},"potentialAction":[{"@type":"SearchAction","target":{"@type":"EntryPoint","urlTemplate":"https:\/\/aplimedia.com\/tutoriales\/?s={search_term_string}"},"query-input":{"@type":"PropertyValueSpecification","valueRequired":true,"valueName":"search_term_string"}}],"inLanguage":"es"},{"@type":"Organization","@id":"https:\/\/aplimedia.com\/tutoriales\/#organization","name":"Tutoriales de Secre","url":"https:\/\/aplimedia.com\/tutoriales\/","logo":{"@type":"ImageObject","inLanguage":"es","@id":"https:\/\/aplimedia.com\/tutoriales\/#\/schema\/logo\/image\/","url":"https:\/\/aplimedia.com\/tutoriales\/wp-content\/uploads\/2022\/03\/cropped-logotipo-aplimedia.png","contentUrl":"https:\/\/aplimedia.com\/tutoriales\/wp-content\/uploads\/2022\/03\/cropped-logotipo-aplimedia.png","width":2000,"height":658,"caption":"Tutoriales de Secre"},"image":{"@id":"https:\/\/aplimedia.com\/tutoriales\/#\/schema\/logo\/image\/"}}]}},"_links":{"self":[{"href":"https:\/\/aplimedia.com\/tutoriales\/wp-json\/wp\/v2\/pages\/7446","targetHints":{"allow":["GET"]}}],"collection":[{"href":"https:\/\/aplimedia.com\/tutoriales\/wp-json\/wp\/v2\/pages"}],"about":[{"href":"https:\/\/aplimedia.com\/tutoriales\/wp-json\/wp\/v2\/types\/page"}],"author":[{"embeddable":true,"href":"https:\/\/aplimedia.com\/tutoriales\/wp-json\/wp\/v2\/users\/1"}],"replies":[{"embeddable":true,"href":"https:\/\/aplimedia.com\/tutoriales\/wp-json\/wp\/v2\/comments?post=7446"}],"version-history":[{"count":0,"href":"https:\/\/aplimedia.com\/tutoriales\/wp-json\/wp\/v2\/pages\/7446\/revisions"}],"up":[{"embeddable":true,"href":"https:\/\/aplimedia.com\/tutoriales\/wp-json\/wp\/v2\/pages\/4249"}],"wp:attachment":[{"href":"https:\/\/aplimedia.com\/tutoriales\/wp-json\/wp\/v2\/media?parent=7446"}],"curies":[{"name":"wp","href":"https:\/\/api.w.org\/{rel}","templated":true}]}}