{"id":7232,"date":"2024-02-07T08:28:07","date_gmt":"2024-02-07T08:28:07","guid":{"rendered":"https:\/\/aplimedia.com\/tutoriales\/?page_id=7232"},"modified":"2025-03-11T12:44:48","modified_gmt":"2025-03-11T12:44:48","slug":"copia-seguridad","status":"publish","type":"page","link":"https:\/\/aplimedia.com\/tutoriales\/varios\/copia-seguridad\/","title":{"rendered":"Descargar una copia de seguridad de tu base de datos"},"content":{"rendered":"\t\t<div data-elementor-type=\"wp-post\" data-elementor-id=\"7232\" class=\"elementor elementor-7232\" data-elementor-post-type=\"page\">\n\t\t\t\t\t\t<section class=\"elementor-section elementor-top-section elementor-element elementor-element-7b0335fc elementor-section-stretched elementor-section-boxed elementor-section-height-default elementor-section-height-default\" data-id=\"7b0335fc\" data-element_type=\"section\" data-e-type=\"section\" data-settings=\"{&quot;stretch_section&quot;:&quot;section-stretched&quot;}\">\n\t\t\t\t\t\t<div class=\"elementor-container elementor-column-gap-default\">\n\t\t\t\t\t<div class=\"elementor-column elementor-col-100 elementor-top-column elementor-element elementor-element-14c7cb05\" data-id=\"14c7cb05\" data-element_type=\"column\" data-e-type=\"column\">\n\t\t\t<div class=\"elementor-widget-wrap elementor-element-populated\">\n\t\t\t\t\t\t<div class=\"elementor-element elementor-element-8ca78a5 elementor-widget elementor-widget-text-editor\" data-id=\"8ca78a5\" data-element_type=\"widget\" data-e-type=\"widget\" data-widget_type=\"text-editor.default\">\n\t\t\t\t<div class=\"elementor-widget-container\">\n\t\t\t\t\t\t\t\t\t<p>Entre los servicios incluidos en tu cuota de Secre, est\u00e1n las copias de seguridad: nosotros <b>nos encargamos de realizar varias copias de tu base de datos <\/b>a lo largo del d\u00eda, por lo que no necesitas preocuparte por ello.<\/p><p>No obstante, puede haber <b>momentos puntuales <\/b>en los que quieras <b>descargar una copia de seguridad <\/b>de tu base de datos, por ejemplo si vas a realizar <b>alg\u00fan proceso masivo e irreversible<\/b> en Secre (actualizaci\u00f3n de precios, importaci\u00f3n de datos&#8230;) y quieres tener una copia por si hay alguna equivocaci\u00f3n.<\/p><p>En este tutorial te explicamos c\u00f3mo puedes descargar una copia de seguridad de tu base de datos. Eso s\u00ed, ten en cuenta que, si es necesario <b>restaurar dicha copia<\/b>, tendr\u00e1s que ponerte en contacto con nosotros y <b>facilit\u00e1rnosla<\/b>, para que la subamos.<\/p>\t\t\t\t\t\t\t\t<\/div>\n\t\t\t\t<\/div>\n\t\t\t\t<div class=\"elementor-element elementor-element-6cbeae48 elementor-widget elementor-widget-spacer\" data-id=\"6cbeae48\" data-element_type=\"widget\" data-e-type=\"widget\" data-widget_type=\"spacer.default\">\n\t\t\t\t<div class=\"elementor-widget-container\">\n\t\t\t\t\t\t\t<div class=\"elementor-spacer\">\n\t\t\t<div class=\"elementor-spacer-inner\"><\/div>\n\t\t<\/div>\n\t\t\t\t\t\t<\/div>\n\t\t\t\t<\/div>\n\t\t\t\t<div class=\"elementor-element elementor-element-76aeae31 elementor-widget elementor-widget-heading\" data-id=\"76aeae31\" data-element_type=\"widget\" data-e-type=\"widget\" data-widget_type=\"heading.default\">\n\t\t\t\t<div class=\"elementor-widget-container\">\n\t\t\t\t\t<h2 class=\"elementor-heading-title elementor-size-default\">C\u00f3mo descargar una copia de seguridad:<\/h2>\t\t\t\t<\/div>\n\t\t\t\t<\/div>\n\t\t\t\t<div class=\"elementor-element elementor-element-297a851a elementor-widget elementor-widget-text-editor\" data-id=\"297a851a\" data-element_type=\"widget\" data-e-type=\"widget\" data-widget_type=\"text-editor.default\">\n\t\t\t\t<div class=\"elementor-widget-container\">\n\t\t\t\t\t\t\t\t\t<p>La descarga de la copia de seguridad de tu base de datos la har\u00e1s desde nuestra Intranet, a la que se accede desde aqu\u00ed: <a href=\"https:\/\/intranet.aplimedia.com\/Account\/Login.aspx\">https:\/\/intranet.aplimedia.com\/Account\/Login.aspx<\/a><\/p><p>O haciendo clic en <strong>Iniciar sesi\u00f3n<\/strong>, en <a href=\"https:\/\/aplimedia.com\/\">nuestra p\u00e1gina principal<\/a>:<\/p>\t\t\t\t\t\t\t\t<\/div>\n\t\t\t\t<\/div>\n\t\t\t\t<section class=\"elementor-section elementor-inner-section elementor-element elementor-element-98c5120 elementor-section-boxed elementor-section-height-default elementor-section-height-default\" data-id=\"98c5120\" data-element_type=\"section\" data-e-type=\"section\">\n\t\t\t\t\t\t<div class=\"elementor-container elementor-column-gap-default\">\n\t\t\t\t\t<div class=\"elementor-column elementor-col-100 elementor-inner-column elementor-element elementor-element-3dc7b87\" data-id=\"3dc7b87\" data-element_type=\"column\" data-e-type=\"column\">\n\t\t\t<div class=\"elementor-widget-wrap elementor-element-populated\">\n\t\t\t\t\t\t<div class=\"elementor-element elementor-element-543fd36f elementor-widget elementor-widget-image\" data-id=\"543fd36f\" data-element_type=\"widget\" data-e-type=\"widget\" data-widget_type=\"image.default\">\n\t\t\t\t<div class=\"elementor-widget-container\">\n\t\t\t\t\t\t\t\t\t\t\t\t\t\t\t\t<a href=\"https:\/\/aplimedia.com\/tutoriales\/wp-content\/uploads\/2024\/02\/iniciar-sesion-aplimedia.jpg\" data-elementor-open-lightbox=\"yes\" data-elementor-lightbox-title=\"iniciar-sesion-aplimedia\" data-e-action-hash=\"#elementor-action%3Aaction%3Dlightbox%26settings%3DeyJpZCI6NzIzNCwidXJsIjoiaHR0cHM6XC9cL2FwbGltZWRpYS5jb21cL3R1dG9yaWFsZXNcL3dwLWNvbnRlbnRcL3VwbG9hZHNcLzIwMjRcLzAyXC9pbmljaWFyLXNlc2lvbi1hcGxpbWVkaWEuanBnIn0%3D\">\n\t\t\t\t\t\t\t<img fetchpriority=\"high\" decoding=\"async\" width=\"1000\" height=\"205\" src=\"https:\/\/aplimedia.com\/tutoriales\/wp-content\/uploads\/2024\/02\/iniciar-sesion-aplimedia.jpg\" class=\"attachment-full size-full wp-image-7234\" alt=\"\" srcset=\"https:\/\/aplimedia.com\/tutoriales\/wp-content\/uploads\/2024\/02\/iniciar-sesion-aplimedia.jpg 1000w, https:\/\/aplimedia.com\/tutoriales\/wp-content\/uploads\/2024\/02\/iniciar-sesion-aplimedia-768x157.jpg 768w\" sizes=\"(max-width: 1000px) 100vw, 1000px\" \/>\t\t\t\t\t\t\t\t<\/a>\n\t\t\t\t\t\t\t\t\t\t\t\t\t\t\t<\/div>\n\t\t\t\t<\/div>\n\t\t\t\t\t<\/div>\n\t\t<\/div>\n\t\t\t\t\t<\/div>\n\t\t<\/section>\n\t\t\t\t<div class=\"elementor-element elementor-element-349dcd55 elementor-widget elementor-widget-spacer\" data-id=\"349dcd55\" data-element_type=\"widget\" data-e-type=\"widget\" data-widget_type=\"spacer.default\">\n\t\t\t\t<div class=\"elementor-widget-container\">\n\t\t\t\t\t\t\t<div class=\"elementor-spacer\">\n\t\t\t<div class=\"elementor-spacer-inner\"><\/div>\n\t\t<\/div>\n\t\t\t\t\t\t<\/div>\n\t\t\t\t<\/div>\n\t\t\t\t<div class=\"elementor-element elementor-element-ca55795 elementor-widget elementor-widget-text-editor\" data-id=\"ca55795\" data-element_type=\"widget\" data-e-type=\"widget\" data-widget_type=\"text-editor.default\">\n\t\t\t\t<div class=\"elementor-widget-container\">\n\t\t\t\t\t\t\t\t\t<p>Deber\u00e1s acceder con<b> tus credenciales habituales de acceso <\/b>a Secre, es decir, el usuario y contrase\u00f1a que utilizas para acceder al programa.\u00a0<\/p><p>No obstante, ten en cuenta que no todos los usuarios tienen permiso para descargar una copia de seguridad. El \u00fanico usuario que puede hacerlo es el <strong>usuario que se design\u00f3 como administrador<\/strong> al crear tu empresa en Secre. Si no tienes claro qu\u00e9 usuario es el que dispone de dichos permisos de administrador, cons\u00faltanos.<\/p><p>Una vez hayas iniciado sesi\u00f3n con las credenciales de dicho usuario, ve al men\u00fa <em><strong>SecreCloud&gt;Mis empresas<\/strong><\/em>:<\/p>\t\t\t\t\t\t\t\t<\/div>\n\t\t\t\t<\/div>\n\t\t\t\t<div class=\"elementor-element elementor-element-3ce7ad1 elementor-widget elementor-widget-image\" data-id=\"3ce7ad1\" data-element_type=\"widget\" data-e-type=\"widget\" data-widget_type=\"image.default\">\n\t\t\t\t<div class=\"elementor-widget-container\">\n\t\t\t\t\t\t\t\t\t\t\t\t\t\t\t\t<a href=\"https:\/\/aplimedia.com\/tutoriales\/wp-content\/uploads\/2024\/02\/descargar-copia-de-seguridad.png\" data-elementor-open-lightbox=\"yes\" data-elementor-lightbox-title=\"descargar-copia-de-seguridad\" data-e-action-hash=\"#elementor-action%3Aaction%3Dlightbox%26settings%3DeyJpZCI6NzIzNSwidXJsIjoiaHR0cHM6XC9cL2FwbGltZWRpYS5jb21cL3R1dG9yaWFsZXNcL3dwLWNvbnRlbnRcL3VwbG9hZHNcLzIwMjRcLzAyXC9kZXNjYXJnYXItY29waWEtZGUtc2VndXJpZGFkLnBuZyJ9\">\n\t\t\t\t\t\t\t<img decoding=\"async\" width=\"394\" height=\"123\" src=\"https:\/\/aplimedia.com\/tutoriales\/wp-content\/uploads\/2024\/02\/descargar-copia-de-seguridad.png\" class=\"attachment-full size-full wp-image-7235\" alt=\"\" \/>\t\t\t\t\t\t\t\t<\/a>\n\t\t\t\t\t\t\t\t\t\t\t\t\t\t\t<\/div>\n\t\t\t\t<\/div>\n\t\t\t\t<div class=\"elementor-element elementor-element-f34e357 elementor-widget elementor-widget-text-editor\" data-id=\"f34e357\" data-element_type=\"widget\" data-e-type=\"widget\" data-widget_type=\"text-editor.default\">\n\t\t\t\t<div class=\"elementor-widget-container\">\n\t\t\t\t\t\t\t\t\t<p>En el apartado <b><i>Mis Empresas<\/i><\/b> ver\u00e1s la empresa o empresas de las cuales tu usuario figura como administrador. Para<b> descargar la copia de seguridad<\/b> p<b>incha el icono de la flecha<\/b> y, autom\u00e1ticamente, se te descargar\u00e1 tu base de datos, comprimida en un fichero<b> .zip<\/b>.<\/p>\t\t\t\t\t\t\t\t<\/div>\n\t\t\t\t<\/div>\n\t\t\t\t<div class=\"elementor-element elementor-element-1927239 elementor-widget elementor-widget-image\" data-id=\"1927239\" data-element_type=\"widget\" data-e-type=\"widget\" data-widget_type=\"image.default\">\n\t\t\t\t<div class=\"elementor-widget-container\">\n\t\t\t\t\t\t\t\t\t\t\t\t\t\t\t\t<a href=\"https:\/\/aplimedia.com\/tutoriales\/wp-content\/uploads\/2024\/02\/descargar-copia-seguridad2.png\" data-elementor-open-lightbox=\"yes\" data-elementor-lightbox-title=\"descargar-copia-seguridad2\" data-e-action-hash=\"#elementor-action%3Aaction%3Dlightbox%26settings%3DeyJpZCI6NzIzNiwidXJsIjoiaHR0cHM6XC9cL2FwbGltZWRpYS5jb21cL3R1dG9yaWFsZXNcL3dwLWNvbnRlbnRcL3VwbG9hZHNcLzIwMjRcLzAyXC9kZXNjYXJnYXItY29waWEtc2VndXJpZGFkMi5wbmcifQ%3D%3D\">\n\t\t\t\t\t\t\t<img decoding=\"async\" width=\"410\" height=\"208\" src=\"https:\/\/aplimedia.com\/tutoriales\/wp-content\/uploads\/2024\/02\/descargar-copia-seguridad2.png\" class=\"attachment-full size-full wp-image-7236\" alt=\"\" \/>\t\t\t\t\t\t\t\t<\/a>\n\t\t\t\t\t\t\t\t\t\t\t\t\t\t\t<\/div>\n\t\t\t\t<\/div>\n\t\t\t\t<div class=\"elementor-element elementor-element-25f81517 elementor-widget elementor-widget-spacer\" data-id=\"25f81517\" data-element_type=\"widget\" data-e-type=\"widget\" data-widget_type=\"spacer.default\">\n\t\t\t\t<div class=\"elementor-widget-container\">\n\t\t\t\t\t\t\t<div class=\"elementor-spacer\">\n\t\t\t<div class=\"elementor-spacer-inner\"><\/div>\n\t\t<\/div>\n\t\t\t\t\t\t<\/div>\n\t\t\t\t<\/div>\n\t\t\t\t\t<\/div>\n\t\t<\/div>\n\t\t\t\t\t<\/div>\n\t\t<\/section>\n\t\t\t\t<\/div>\n\t\t","protected":false},"excerpt":{"rendered":"<p>Entre los servicios incluidos en tu cuota de Secre, est\u00e1n las copias de seguridad: nosotros nos encargamos de realizar varias copias de tu base de datos a lo largo del d\u00eda, por lo que no necesitas preocuparte por ello. No obstante, puede haber momentos puntuales en los que quieras descargar una copia de seguridad de [&hellip;]<\/p>\n","protected":false},"author":1,"featured_media":0,"parent":1189,"menu_order":0,"comment_status":"closed","ping_status":"closed","template":"","meta":{"footnotes":""},"class_list":["post-7232","page","type-page","status-publish","hentry"],"yoast_head":"<!-- This site is optimized with the Yoast SEO plugin v27.5 - https:\/\/yoast.com\/product\/yoast-seo-wordpress\/ -->\n<title>Descargar una copia de seguridad de tu base de datos | Tutoriales de Secre<\/title>\n<meta name=\"robots\" content=\"index, follow, max-snippet:-1, max-image-preview:large, max-video-preview:-1\" \/>\n<link rel=\"canonical\" href=\"https:\/\/aplimedia.com\/tutoriales\/varios\/copia-seguridad\/\" \/>\n<meta property=\"og:locale\" content=\"es_ES\" \/>\n<meta property=\"og:type\" content=\"article\" \/>\n<meta property=\"og:title\" content=\"Descargar una copia de seguridad de tu base de datos | Tutoriales de Secre\" \/>\n<meta property=\"og:description\" content=\"Entre los servicios incluidos en tu cuota de Secre, est\u00e1n las copias de seguridad: nosotros nos encargamos de realizar varias copias de tu base de datos a lo largo del d\u00eda, por lo que no necesitas preocuparte por ello. No obstante, puede haber momentos puntuales en los que quieras descargar una copia de seguridad de [&hellip;]\" \/>\n<meta property=\"og:url\" content=\"https:\/\/aplimedia.com\/tutoriales\/varios\/copia-seguridad\/\" \/>\n<meta property=\"og:site_name\" content=\"Tutoriales de Secre\" \/>\n<meta property=\"article:modified_time\" content=\"2025-03-11T12:44:48+00:00\" \/>\n<meta property=\"og:image\" content=\"https:\/\/aplimedia.com\/tutoriales\/wp-content\/uploads\/2024\/02\/iniciar-sesion-aplimedia.jpg\" \/>\n\t<meta property=\"og:image:width\" content=\"1000\" \/>\n\t<meta property=\"og:image:height\" content=\"205\" \/>\n\t<meta property=\"og:image:type\" content=\"image\/jpeg\" \/>\n<meta name=\"twitter:card\" content=\"summary_large_image\" \/>\n<meta name=\"twitter:label1\" content=\"Tiempo de lectura\" \/>\n\t<meta name=\"twitter:data1\" content=\"3 minutos\" \/>\n<script type=\"application\/ld+json\" class=\"yoast-schema-graph\">{\"@context\":\"https:\\\/\\\/schema.org\",\"@graph\":[{\"@type\":\"WebPage\",\"@id\":\"https:\\\/\\\/aplimedia.com\\\/tutoriales\\\/varios\\\/copia-seguridad\\\/\",\"url\":\"https:\\\/\\\/aplimedia.com\\\/tutoriales\\\/varios\\\/copia-seguridad\\\/\",\"name\":\"Descargar una copia de seguridad de tu base de datos | Tutoriales de Secre\",\"isPartOf\":{\"@id\":\"https:\\\/\\\/aplimedia.com\\\/tutoriales\\\/#website\"},\"primaryImageOfPage\":{\"@id\":\"https:\\\/\\\/aplimedia.com\\\/tutoriales\\\/varios\\\/copia-seguridad\\\/#primaryimage\"},\"image\":{\"@id\":\"https:\\\/\\\/aplimedia.com\\\/tutoriales\\\/varios\\\/copia-seguridad\\\/#primaryimage\"},\"thumbnailUrl\":\"https:\\\/\\\/aplimedia.com\\\/tutoriales\\\/wp-content\\\/uploads\\\/2024\\\/02\\\/iniciar-sesion-aplimedia.jpg\",\"datePublished\":\"2024-02-07T08:28:07+00:00\",\"dateModified\":\"2025-03-11T12:44:48+00:00\",\"breadcrumb\":{\"@id\":\"https:\\\/\\\/aplimedia.com\\\/tutoriales\\\/varios\\\/copia-seguridad\\\/#breadcrumb\"},\"inLanguage\":\"es\",\"potentialAction\":[{\"@type\":\"ReadAction\",\"target\":[\"https:\\\/\\\/aplimedia.com\\\/tutoriales\\\/varios\\\/copia-seguridad\\\/\"]}]},{\"@type\":\"ImageObject\",\"inLanguage\":\"es\",\"@id\":\"https:\\\/\\\/aplimedia.com\\\/tutoriales\\\/varios\\\/copia-seguridad\\\/#primaryimage\",\"url\":\"https:\\\/\\\/aplimedia.com\\\/tutoriales\\\/wp-content\\\/uploads\\\/2024\\\/02\\\/iniciar-sesion-aplimedia.jpg\",\"contentUrl\":\"https:\\\/\\\/aplimedia.com\\\/tutoriales\\\/wp-content\\\/uploads\\\/2024\\\/02\\\/iniciar-sesion-aplimedia.jpg\"},{\"@type\":\"BreadcrumbList\",\"@id\":\"https:\\\/\\\/aplimedia.com\\\/tutoriales\\\/varios\\\/copia-seguridad\\\/#breadcrumb\",\"itemListElement\":[{\"@type\":\"ListItem\",\"position\":1,\"name\":\"Tutoriales\",\"item\":\"https:\\\/\\\/aplimedia.com\\\/tutoriales\\\/\"},{\"@type\":\"ListItem\",\"position\":2,\"name\":\"Varios\",\"item\":\"https:\\\/\\\/aplimedia.com\\\/tutoriales\\\/varios\\\/\"},{\"@type\":\"ListItem\",\"position\":3,\"name\":\"Descargar una copia de seguridad de tu base de datos\"}]},{\"@type\":\"WebSite\",\"@id\":\"https:\\\/\\\/aplimedia.com\\\/tutoriales\\\/#website\",\"url\":\"https:\\\/\\\/aplimedia.com\\\/tutoriales\\\/\",\"name\":\"Tutoriales de Secre\",\"description\":\"Tutoriales del software de gesti\u00f3n Secre\",\"publisher\":{\"@id\":\"https:\\\/\\\/aplimedia.com\\\/tutoriales\\\/#organization\"},\"potentialAction\":[{\"@type\":\"SearchAction\",\"target\":{\"@type\":\"EntryPoint\",\"urlTemplate\":\"https:\\\/\\\/aplimedia.com\\\/tutoriales\\\/?s={search_term_string}\"},\"query-input\":{\"@type\":\"PropertyValueSpecification\",\"valueRequired\":true,\"valueName\":\"search_term_string\"}}],\"inLanguage\":\"es\"},{\"@type\":\"Organization\",\"@id\":\"https:\\\/\\\/aplimedia.com\\\/tutoriales\\\/#organization\",\"name\":\"Tutoriales de Secre\",\"url\":\"https:\\\/\\\/aplimedia.com\\\/tutoriales\\\/\",\"logo\":{\"@type\":\"ImageObject\",\"inLanguage\":\"es\",\"@id\":\"https:\\\/\\\/aplimedia.com\\\/tutoriales\\\/#\\\/schema\\\/logo\\\/image\\\/\",\"url\":\"https:\\\/\\\/aplimedia.com\\\/tutoriales\\\/wp-content\\\/uploads\\\/2022\\\/03\\\/cropped-logotipo-aplimedia.png\",\"contentUrl\":\"https:\\\/\\\/aplimedia.com\\\/tutoriales\\\/wp-content\\\/uploads\\\/2022\\\/03\\\/cropped-logotipo-aplimedia.png\",\"width\":2000,\"height\":658,\"caption\":\"Tutoriales de Secre\"},\"image\":{\"@id\":\"https:\\\/\\\/aplimedia.com\\\/tutoriales\\\/#\\\/schema\\\/logo\\\/image\\\/\"}}]}<\/script>\n<!-- \/ Yoast SEO plugin. -->","yoast_head_json":{"title":"Descargar una copia de seguridad de tu base de datos | Tutoriales de Secre","robots":{"index":"index","follow":"follow","max-snippet":"max-snippet:-1","max-image-preview":"max-image-preview:large","max-video-preview":"max-video-preview:-1"},"canonical":"https:\/\/aplimedia.com\/tutoriales\/varios\/copia-seguridad\/","og_locale":"es_ES","og_type":"article","og_title":"Descargar una copia de seguridad de tu base de datos | Tutoriales de Secre","og_description":"Entre los servicios incluidos en tu cuota de Secre, est\u00e1n las copias de seguridad: nosotros nos encargamos de realizar varias copias de tu base de datos a lo largo del d\u00eda, por lo que no necesitas preocuparte por ello. No obstante, puede haber momentos puntuales en los que quieras descargar una copia de seguridad de [&hellip;]","og_url":"https:\/\/aplimedia.com\/tutoriales\/varios\/copia-seguridad\/","og_site_name":"Tutoriales de Secre","article_modified_time":"2025-03-11T12:44:48+00:00","og_image":[{"width":1000,"height":205,"url":"https:\/\/aplimedia.com\/tutoriales\/wp-content\/uploads\/2024\/02\/iniciar-sesion-aplimedia.jpg","type":"image\/jpeg"}],"twitter_card":"summary_large_image","twitter_misc":{"Tiempo de lectura":"3 minutos"},"schema":{"@context":"https:\/\/schema.org","@graph":[{"@type":"WebPage","@id":"https:\/\/aplimedia.com\/tutoriales\/varios\/copia-seguridad\/","url":"https:\/\/aplimedia.com\/tutoriales\/varios\/copia-seguridad\/","name":"Descargar una copia de seguridad de tu base de datos | Tutoriales de Secre","isPartOf":{"@id":"https:\/\/aplimedia.com\/tutoriales\/#website"},"primaryImageOfPage":{"@id":"https:\/\/aplimedia.com\/tutoriales\/varios\/copia-seguridad\/#primaryimage"},"image":{"@id":"https:\/\/aplimedia.com\/tutoriales\/varios\/copia-seguridad\/#primaryimage"},"thumbnailUrl":"https:\/\/aplimedia.com\/tutoriales\/wp-content\/uploads\/2024\/02\/iniciar-sesion-aplimedia.jpg","datePublished":"2024-02-07T08:28:07+00:00","dateModified":"2025-03-11T12:44:48+00:00","breadcrumb":{"@id":"https:\/\/aplimedia.com\/tutoriales\/varios\/copia-seguridad\/#breadcrumb"},"inLanguage":"es","potentialAction":[{"@type":"ReadAction","target":["https:\/\/aplimedia.com\/tutoriales\/varios\/copia-seguridad\/"]}]},{"@type":"ImageObject","inLanguage":"es","@id":"https:\/\/aplimedia.com\/tutoriales\/varios\/copia-seguridad\/#primaryimage","url":"https:\/\/aplimedia.com\/tutoriales\/wp-content\/uploads\/2024\/02\/iniciar-sesion-aplimedia.jpg","contentUrl":"https:\/\/aplimedia.com\/tutoriales\/wp-content\/uploads\/2024\/02\/iniciar-sesion-aplimedia.jpg"},{"@type":"BreadcrumbList","@id":"https:\/\/aplimedia.com\/tutoriales\/varios\/copia-seguridad\/#breadcrumb","itemListElement":[{"@type":"ListItem","position":1,"name":"Tutoriales","item":"https:\/\/aplimedia.com\/tutoriales\/"},{"@type":"ListItem","position":2,"name":"Varios","item":"https:\/\/aplimedia.com\/tutoriales\/varios\/"},{"@type":"ListItem","position":3,"name":"Descargar una copia de seguridad de tu base de datos"}]},{"@type":"WebSite","@id":"https:\/\/aplimedia.com\/tutoriales\/#website","url":"https:\/\/aplimedia.com\/tutoriales\/","name":"Tutoriales de Secre","description":"Tutoriales del software de gesti\u00f3n Secre","publisher":{"@id":"https:\/\/aplimedia.com\/tutoriales\/#organization"},"potentialAction":[{"@type":"SearchAction","target":{"@type":"EntryPoint","urlTemplate":"https:\/\/aplimedia.com\/tutoriales\/?s={search_term_string}"},"query-input":{"@type":"PropertyValueSpecification","valueRequired":true,"valueName":"search_term_string"}}],"inLanguage":"es"},{"@type":"Organization","@id":"https:\/\/aplimedia.com\/tutoriales\/#organization","name":"Tutoriales de Secre","url":"https:\/\/aplimedia.com\/tutoriales\/","logo":{"@type":"ImageObject","inLanguage":"es","@id":"https:\/\/aplimedia.com\/tutoriales\/#\/schema\/logo\/image\/","url":"https:\/\/aplimedia.com\/tutoriales\/wp-content\/uploads\/2022\/03\/cropped-logotipo-aplimedia.png","contentUrl":"https:\/\/aplimedia.com\/tutoriales\/wp-content\/uploads\/2022\/03\/cropped-logotipo-aplimedia.png","width":2000,"height":658,"caption":"Tutoriales de Secre"},"image":{"@id":"https:\/\/aplimedia.com\/tutoriales\/#\/schema\/logo\/image\/"}}]}},"_links":{"self":[{"href":"https:\/\/aplimedia.com\/tutoriales\/wp-json\/wp\/v2\/pages\/7232","targetHints":{"allow":["GET"]}}],"collection":[{"href":"https:\/\/aplimedia.com\/tutoriales\/wp-json\/wp\/v2\/pages"}],"about":[{"href":"https:\/\/aplimedia.com\/tutoriales\/wp-json\/wp\/v2\/types\/page"}],"author":[{"embeddable":true,"href":"https:\/\/aplimedia.com\/tutoriales\/wp-json\/wp\/v2\/users\/1"}],"replies":[{"embeddable":true,"href":"https:\/\/aplimedia.com\/tutoriales\/wp-json\/wp\/v2\/comments?post=7232"}],"version-history":[{"count":0,"href":"https:\/\/aplimedia.com\/tutoriales\/wp-json\/wp\/v2\/pages\/7232\/revisions"}],"up":[{"embeddable":true,"href":"https:\/\/aplimedia.com\/tutoriales\/wp-json\/wp\/v2\/pages\/1189"}],"wp:attachment":[{"href":"https:\/\/aplimedia.com\/tutoriales\/wp-json\/wp\/v2\/media?parent=7232"}],"curies":[{"name":"wp","href":"https:\/\/api.w.org\/{rel}","templated":true}]}}