{"id":3869,"date":"2021-05-12T10:00:32","date_gmt":"2021-05-12T10:00:32","guid":{"rendered":"https:\/\/aplimedia.com\/tutoriales\/?page_id=3869"},"modified":"2025-03-11T14:24:35","modified_gmt":"2025-03-11T14:24:35","slug":"cierre-de-caja","status":"publish","type":"page","link":"https:\/\/aplimedia.com\/tutoriales\/tpv\/cierre-de-caja\/","title":{"rendered":"C\u00f3mo hacer el cierre de caja"},"content":{"rendered":"\t\t<div data-elementor-type=\"wp-post\" data-elementor-id=\"3869\" class=\"elementor elementor-3869\" data-elementor-post-type=\"page\">\n\t\t\t\t\t\t<section class=\"elementor-section elementor-top-section elementor-element elementor-element-ed706d2 elementor-section-stretched elementor-section-boxed elementor-section-height-default elementor-section-height-default\" data-id=\"ed706d2\" data-element_type=\"section\" data-e-type=\"section\" data-settings=\"{&quot;stretch_section&quot;:&quot;section-stretched&quot;}\">\n\t\t\t\t\t\t<div class=\"elementor-container elementor-column-gap-default\">\n\t\t\t\t\t<div class=\"elementor-column elementor-col-100 elementor-top-column elementor-element elementor-element-703a748c\" data-id=\"703a748c\" data-element_type=\"column\" data-e-type=\"column\">\n\t\t\t<div class=\"elementor-widget-wrap elementor-element-populated\">\n\t\t\t\t\t\t<div class=\"elementor-element elementor-element-50812ae2 elementor-widget elementor-widget-text-editor\" data-id=\"50812ae2\" data-element_type=\"widget\" data-e-type=\"widget\" data-widget_type=\"text-editor.default\">\n\t\t\t\t<div class=\"elementor-widget-container\">\n\t\t\t\t\t\t\t\t\t<p>El m\u00f3dulo TPV de Secre incluye una herramienta para realizar el <b>cierre de caja al final del d\u00eda<\/b>. Desde esta herramienta es desde donde consultaremos los movimientos del d\u00eda, el saldo inicial y el saldo final, que deber\u00e1 coincidir con nuestra caja real.<\/p><p>Para hacer el cierre de caja, sigue los siguientes pasos.<\/p>\t\t\t\t\t\t\t\t<\/div>\n\t\t\t\t<\/div>\n\t\t\t\t<div class=\"elementor-element elementor-element-a22f5ca elementor-widget elementor-widget-spacer\" data-id=\"a22f5ca\" data-element_type=\"widget\" data-e-type=\"widget\" data-widget_type=\"spacer.default\">\n\t\t\t\t<div class=\"elementor-widget-container\">\n\t\t\t\t\t\t\t<div class=\"elementor-spacer\">\n\t\t\t<div class=\"elementor-spacer-inner\"><\/div>\n\t\t<\/div>\n\t\t\t\t\t\t<\/div>\n\t\t\t\t<\/div>\n\t\t\t\t<div class=\"elementor-element elementor-element-f1fc9fa elementor-widget elementor-widget-heading\" data-id=\"f1fc9fa\" data-element_type=\"widget\" data-e-type=\"widget\" data-widget_type=\"heading.default\">\n\t\t\t\t<div class=\"elementor-widget-container\">\n\t\t\t\t\t<h4 class=\"elementor-heading-title elementor-size-default\">Paso 1:<\/h4>\t\t\t\t<\/div>\n\t\t\t\t<\/div>\n\t\t\t\t<div class=\"elementor-element elementor-element-ae6d390 elementor-widget elementor-widget-text-editor\" data-id=\"ae6d390\" data-element_type=\"widget\" data-e-type=\"widget\" data-widget_type=\"text-editor.default\">\n\t\t\t\t<div class=\"elementor-widget-container\">\n\t\t\t\t\t\t\t\t\t<p>Desde el m\u00f3dulo de Tickets ve a <strong>Herramientas&gt;Cierre de caja<\/strong>.<\/p>\t\t\t\t\t\t\t\t<\/div>\n\t\t\t\t<\/div>\n\t\t\t\t<div class=\"elementor-element elementor-element-3e1bdbe elementor-widget elementor-widget-image\" data-id=\"3e1bdbe\" data-element_type=\"widget\" data-e-type=\"widget\" data-widget_type=\"image.default\">\n\t\t\t\t<div class=\"elementor-widget-container\">\n\t\t\t\t\t\t\t\t\t\t\t\t\t\t\t<img fetchpriority=\"high\" decoding=\"async\" width=\"903\" height=\"515\" src=\"https:\/\/aplimedia.com\/tutoriales\/wp-content\/uploads\/2021\/05\/cierredecaja.gif\" class=\"attachment-full size-full wp-image-3871\" alt=\"\" \/>\t\t\t\t\t\t\t\t\t\t\t\t\t\t\t<\/div>\n\t\t\t\t<\/div>\n\t\t\t\t<div class=\"elementor-element elementor-element-10a44b7 elementor-widget elementor-widget-spacer\" data-id=\"10a44b7\" data-element_type=\"widget\" data-e-type=\"widget\" data-widget_type=\"spacer.default\">\n\t\t\t\t<div class=\"elementor-widget-container\">\n\t\t\t\t\t\t\t<div class=\"elementor-spacer\">\n\t\t\t<div class=\"elementor-spacer-inner\"><\/div>\n\t\t<\/div>\n\t\t\t\t\t\t<\/div>\n\t\t\t\t<\/div>\n\t\t\t\t<div class=\"elementor-element elementor-element-0507bb9 elementor-widget elementor-widget-heading\" data-id=\"0507bb9\" data-element_type=\"widget\" data-e-type=\"widget\" data-widget_type=\"heading.default\">\n\t\t\t\t<div class=\"elementor-widget-container\">\n\t\t\t\t\t<h4 class=\"elementor-heading-title elementor-size-default\">Paso 2<\/h4>\t\t\t\t<\/div>\n\t\t\t\t<\/div>\n\t\t\t\t<div class=\"elementor-element elementor-element-d6d674e elementor-widget elementor-widget-text-editor\" data-id=\"d6d674e\" data-element_type=\"widget\" data-e-type=\"widget\" data-widget_type=\"text-editor.default\">\n\t\t\t\t<div class=\"elementor-widget-container\">\n\t\t\t\t\t\t\t\t\t<p>Para ver la informaci\u00f3n del d\u00eda de hoy simplemente tenemos que hacer clic en el icono del rayo (si quisi\u00e9ramos ver la informaci\u00f3n de otro d\u00eda, podr\u00edamos cambiar la fecha antes de hacer clic en el icono del rayo). Tambi\u00e9n podr\u00edas filtrar por caja, si tienes m\u00e1s de una, o por vendedor. En este ejemplo vamos a ver la caja del d\u00eda de hoy, de todos los vendedores y de la \u00fanica caja que tengo:<\/p>\t\t\t\t\t\t\t\t<\/div>\n\t\t\t\t<\/div>\n\t\t\t\t<div class=\"elementor-element elementor-element-4717634 elementor-widget elementor-widget-image\" data-id=\"4717634\" data-element_type=\"widget\" data-e-type=\"widget\" data-widget_type=\"image.default\">\n\t\t\t\t<div class=\"elementor-widget-container\">\n\t\t\t\t\t\t\t\t\t\t\t\t\t\t\t<img decoding=\"async\" width=\"903\" height=\"515\" src=\"https:\/\/aplimedia.com\/tutoriales\/wp-content\/uploads\/2021\/05\/cierredecaja1.gif\" class=\"attachment-full size-full wp-image-3873\" alt=\"\" \/>\t\t\t\t\t\t\t\t\t\t\t\t\t\t\t<\/div>\n\t\t\t\t<\/div>\n\t\t\t\t<div class=\"elementor-element elementor-element-1c43e78 elementor-widget elementor-widget-text-editor\" data-id=\"1c43e78\" data-element_type=\"widget\" data-e-type=\"widget\" data-widget_type=\"text-editor.default\">\n\t\t\t\t<div class=\"elementor-widget-container\">\n\t\t\t\t\t\t\t\t\t<p>Se nos cargar\u00e1 la informaci\u00f3n del d\u00eda de hoy: los movimientos en m\u00e9talico, en tarjeta o de cr\u00e9dito, el saldo al inicio del d\u00eda, la cantidad que hemos ingresado a la caja hoy y el saldo al final del d\u00eda.<\/p>\t\t\t\t\t\t\t\t<\/div>\n\t\t\t\t<\/div>\n\t\t\t\t<div class=\"elementor-element elementor-element-fe25ef3 elementor-widget elementor-widget-image\" data-id=\"fe25ef3\" data-element_type=\"widget\" data-e-type=\"widget\" data-widget_type=\"image.default\">\n\t\t\t\t<div class=\"elementor-widget-container\">\n\t\t\t\t\t\t\t\t\t\t\t\t\t\t\t<img decoding=\"async\" width=\"845\" height=\"566\" src=\"https:\/\/aplimedia.com\/tutoriales\/wp-content\/uploads\/2021\/05\/cierredecaja.png\" class=\"attachment-full size-full wp-image-3872\" alt=\"\" srcset=\"https:\/\/aplimedia.com\/tutoriales\/wp-content\/uploads\/2021\/05\/cierredecaja.png 845w, https:\/\/aplimedia.com\/tutoriales\/wp-content\/uploads\/2021\/05\/cierredecaja-300x201.png 300w, https:\/\/aplimedia.com\/tutoriales\/wp-content\/uploads\/2021\/05\/cierredecaja-768x514.png 768w\" sizes=\"(max-width: 845px) 100vw, 845px\" \/>\t\t\t\t\t\t\t\t\t\t\t\t\t\t\t<\/div>\n\t\t\t\t<\/div>\n\t\t\t\t<div class=\"elementor-element elementor-element-c2d14ba elementor-widget elementor-widget-spacer\" data-id=\"c2d14ba\" data-element_type=\"widget\" data-e-type=\"widget\" data-widget_type=\"spacer.default\">\n\t\t\t\t<div class=\"elementor-widget-container\">\n\t\t\t\t\t\t\t<div class=\"elementor-spacer\">\n\t\t\t<div class=\"elementor-spacer-inner\"><\/div>\n\t\t<\/div>\n\t\t\t\t\t\t<\/div>\n\t\t\t\t<\/div>\n\t\t\t\t<div class=\"elementor-element elementor-element-16d27bf elementor-widget elementor-widget-heading\" data-id=\"16d27bf\" data-element_type=\"widget\" data-e-type=\"widget\" data-widget_type=\"heading.default\">\n\t\t\t\t<div class=\"elementor-widget-container\">\n\t\t\t\t\t<h4 class=\"elementor-heading-title elementor-size-default\">Paso 3<\/h4>\t\t\t\t<\/div>\n\t\t\t\t<\/div>\n\t\t\t\t<div class=\"elementor-element elementor-element-8332824 elementor-widget elementor-widget-text-editor\" data-id=\"8332824\" data-element_type=\"widget\" data-e-type=\"widget\" data-widget_type=\"text-editor.default\">\n\t\t\t\t<div class=\"elementor-widget-container\">\n\t\t\t\t\t\t\t\t\t<p>Para realizar el cierre de caja simplemente debemos facturar los tickets del d\u00eda haciendo clic en el bot\u00f3n que hay en la esquina inferior derecha. Con esta opci\u00f3n Secre generar\u00e1 una factura con todos los tickets del d\u00eda. <strong>Ten en cuenta que en Secre es imprescindible que se facturen los tickets para que se efect\u00fae el cierre de caja<\/strong>. Si no los facturas, al d\u00eda siguiente tu saldo inicial no cuadrar\u00e1.<\/p>\t\t\t\t\t\t\t\t<\/div>\n\t\t\t\t<\/div>\n\t\t\t\t<div class=\"elementor-element elementor-element-5c97084 elementor-widget elementor-widget-image\" data-id=\"5c97084\" data-element_type=\"widget\" data-e-type=\"widget\" data-widget_type=\"image.default\">\n\t\t\t\t<div class=\"elementor-widget-container\">\n\t\t\t\t\t\t\t\t\t\t\t\t\t\t\t<img loading=\"lazy\" decoding=\"async\" width=\"903\" height=\"546\" src=\"https:\/\/aplimedia.com\/tutoriales\/wp-content\/uploads\/2021\/05\/cierredecaja2.gif\" class=\"attachment-full size-full wp-image-3874\" alt=\"\" \/>\t\t\t\t\t\t\t\t\t\t\t\t\t\t\t<\/div>\n\t\t\t\t<\/div>\n\t\t\t\t<div class=\"elementor-element elementor-element-2ba0fad elementor-widget elementor-widget-text-editor\" data-id=\"2ba0fad\" data-element_type=\"widget\" data-e-type=\"widget\" data-widget_type=\"text-editor.default\">\n\t\t\t\t<div class=\"elementor-widget-container\">\n\t\t\t\t\t\t\t\t\t<p>Una vez facturados, ya tenemos realizado el cierre de caja.<\/p>\t\t\t\t\t\t\t\t<\/div>\n\t\t\t\t<\/div>\n\t\t\t\t<div class=\"elementor-element elementor-element-81788cc elementor-widget elementor-widget-spacer\" data-id=\"81788cc\" data-element_type=\"widget\" data-e-type=\"widget\" data-widget_type=\"spacer.default\">\n\t\t\t\t<div class=\"elementor-widget-container\">\n\t\t\t\t\t\t\t<div class=\"elementor-spacer\">\n\t\t\t<div class=\"elementor-spacer-inner\"><\/div>\n\t\t<\/div>\n\t\t\t\t\t\t<\/div>\n\t\t\t\t<\/div>\n\t\t\t\t<div class=\"elementor-element elementor-element-1c04eab elementor-widget elementor-widget-heading\" data-id=\"1c04eab\" data-element_type=\"widget\" data-e-type=\"widget\" data-widget_type=\"heading.default\">\n\t\t\t\t<div class=\"elementor-widget-container\">\n\t\t\t\t\t<h4 class=\"elementor-heading-title elementor-size-default\">Opciones adicionales<\/h4>\t\t\t\t<\/div>\n\t\t\t\t<\/div>\n\t\t\t\t<div class=\"elementor-element elementor-element-3c3dc0a elementor-widget elementor-widget-text-editor\" data-id=\"3c3dc0a\" data-element_type=\"widget\" data-e-type=\"widget\" data-widget_type=\"text-editor.default\">\n\t\t\t\t<div class=\"elementor-widget-container\">\n\t\t\t\t\t\t\t\t\t<p>Como habr\u00e1s visto en la pantalla de cierre de caja, tenemos varias opciones en la parte inferior que nos permiten configurar ciertos aspectos:<\/p>\t\t\t\t\t\t\t\t<\/div>\n\t\t\t\t<\/div>\n\t\t\t\t<div class=\"elementor-element elementor-element-67711df elementor-widget elementor-widget-image\" data-id=\"67711df\" data-element_type=\"widget\" data-e-type=\"widget\" data-widget_type=\"image.default\">\n\t\t\t\t<div class=\"elementor-widget-container\">\n\t\t\t\t\t\t\t\t\t\t\t\t\t\t\t<img loading=\"lazy\" decoding=\"async\" width=\"460\" height=\"182\" src=\"https:\/\/aplimedia.com\/tutoriales\/wp-content\/uploads\/2021\/05\/cierredecaja3.png\" class=\"attachment-full size-full wp-image-3876\" alt=\"\" srcset=\"https:\/\/aplimedia.com\/tutoriales\/wp-content\/uploads\/2021\/05\/cierredecaja3.png 460w, https:\/\/aplimedia.com\/tutoriales\/wp-content\/uploads\/2021\/05\/cierredecaja3-300x119.png 300w\" sizes=\"(max-width: 460px) 100vw, 460px\" \/>\t\t\t\t\t\t\t\t\t\t\t\t\t\t\t<\/div>\n\t\t\t\t<\/div>\n\t\t\t\t<div class=\"elementor-element elementor-element-1f2b31e elementor-widget elementor-widget-text-editor\" data-id=\"1f2b31e\" data-element_type=\"widget\" data-e-type=\"widget\" data-widget_type=\"text-editor.default\">\n\t\t\t\t<div class=\"elementor-widget-container\">\n\t\t\t\t\t\t\t\t\t<ul><li><strong>Cobrar tickets no cobrados de met\u00e1lico o tarjeta<\/strong>: si marcamos esta casilla, una vez facturemos los tickets marcar\u00e1 como cobrados los tickets de met\u00e1lico o tarjeta que encuentre como no cobrados.<\/li><li><strong>Facturar tickets negativos en serie de abonos<\/strong>: si encuentra tickets con importe negativo los facturar\u00e1 con otra serie distinta (por defecto te propondr\u00e1 la serie que tengas configurada para abonos, pero podr\u00edas cambiarla).<\/li><li><strong>Retirar dinero de la caja y moverlo al banco<\/strong>: si queremos realizar un movimiento de la caja al banco podemos marcar esta casilla. Deberemos indicar tambi\u00e9n el importe que vamos a mover, la fecha del movimiento y el destino del dinero (es decir, a qu\u00e9 banco lo movemos).<\/li><li><strong>Facturar tickets de cr\u00e9dito<\/strong>: por defecto Secre no va a facturar los tickets con forma de pago \u00abCr\u00e9dito\u00bb, a menos que marques esta casilla.<\/li><li><strong>No facturar otros tickets que hemos cobrado<\/strong>: si marcamos esta casilla no incluir\u00e1 en la factura aquellos tickets que corresponden a fechas anteriores pero que se han cobrado en el d\u00eda seleccionado.<\/li><\/ul>\t\t\t\t\t\t\t\t<\/div>\n\t\t\t\t<\/div>\n\t\t\t\t<div class=\"elementor-element elementor-element-c1cd067 elementor-widget elementor-widget-text-editor\" data-id=\"c1cd067\" data-element_type=\"widget\" data-e-type=\"widget\" data-widget_type=\"text-editor.default\">\n\t\t\t\t<div class=\"elementor-widget-container\">\n\t\t\t\t\t\t\t\t\t<p>Adem\u00e1s, como ves en la parte inferior derecha, tambi\u00e9n puedes<strong> modificar la fecha de la factura<\/strong> que vas a crear o <strong>seleccionar un comercial<\/strong> para esa factura. Tienes tambi\u00e9n la opci\u00f3n de imprimir un resumen del cierre de caja por la impresora de tickets, o generar un PDF, con la opci\u00f3n \u00abImprimir Resumen\u00bb.<\/p>\t\t\t\t\t\t\t\t<\/div>\n\t\t\t\t<\/div>\n\t\t\t\t<div class=\"elementor-element elementor-element-678fcb4 elementor-widget elementor-widget-image\" data-id=\"678fcb4\" data-element_type=\"widget\" data-e-type=\"widget\" data-widget_type=\"image.default\">\n\t\t\t\t<div class=\"elementor-widget-container\">\n\t\t\t\t\t\t\t\t\t\t\t\t\t\t\t<img loading=\"lazy\" decoding=\"async\" width=\"417\" height=\"201\" src=\"https:\/\/aplimedia.com\/tutoriales\/wp-content\/uploads\/2021\/05\/cierredecaja2.png\" class=\"attachment-full size-full wp-image-3875\" alt=\"\" srcset=\"https:\/\/aplimedia.com\/tutoriales\/wp-content\/uploads\/2021\/05\/cierredecaja2.png 417w, https:\/\/aplimedia.com\/tutoriales\/wp-content\/uploads\/2021\/05\/cierredecaja2-300x145.png 300w\" sizes=\"(max-width: 417px) 100vw, 417px\" \/>\t\t\t\t\t\t\t\t\t\t\t\t\t\t\t<\/div>\n\t\t\t\t<\/div>\n\t\t\t\t<div class=\"elementor-element elementor-element-a005f5b elementor-widget elementor-widget-spacer\" data-id=\"a005f5b\" data-element_type=\"widget\" data-e-type=\"widget\" data-widget_type=\"spacer.default\">\n\t\t\t\t<div class=\"elementor-widget-container\">\n\t\t\t\t\t\t\t<div class=\"elementor-spacer\">\n\t\t\t<div class=\"elementor-spacer-inner\"><\/div>\n\t\t<\/div>\n\t\t\t\t\t\t<\/div>\n\t\t\t\t<\/div>\n\t\t\t\t\t<\/div>\n\t\t<\/div>\n\t\t\t\t\t<\/div>\n\t\t<\/section>\n\t\t\t\t<\/div>\n\t\t","protected":false},"excerpt":{"rendered":"<p>El m\u00f3dulo TPV de Secre incluye una herramienta para realizar el cierre de caja al final del d\u00eda. Desde esta herramienta es desde donde consultaremos los movimientos del d\u00eda, el saldo inicial y el saldo final, que deber\u00e1 coincidir con nuestra caja real. Para hacer el cierre de caja, sigue los siguientes pasos. Paso 1: [&hellip;]<\/p>\n","protected":false},"author":1,"featured_media":0,"parent":4174,"menu_order":0,"comment_status":"closed","ping_status":"closed","template":"","meta":{"footnotes":""},"class_list":["post-3869","page","type-page","status-publish","hentry"],"yoast_head":"<!-- This site is optimized with the Yoast SEO plugin v27.3 - https:\/\/yoast.com\/product\/yoast-seo-wordpress\/ -->\n<title>C\u00f3mo hacer el cierre de caja | Tutoriales de Secre<\/title>\n<meta name=\"robots\" content=\"index, follow, max-snippet:-1, max-image-preview:large, max-video-preview:-1\" \/>\n<link rel=\"canonical\" href=\"https:\/\/aplimedia.com\/tutoriales\/tpv\/cierre-de-caja\/\" \/>\n<meta property=\"og:locale\" content=\"es_ES\" \/>\n<meta property=\"og:type\" content=\"article\" \/>\n<meta property=\"og:title\" content=\"C\u00f3mo hacer el cierre de caja | Tutoriales de Secre\" \/>\n<meta property=\"og:description\" content=\"El m\u00f3dulo TPV de Secre incluye una herramienta para realizar el cierre de caja al final del d\u00eda. Desde esta herramienta es desde donde consultaremos los movimientos del d\u00eda, el saldo inicial y el saldo final, que deber\u00e1 coincidir con nuestra caja real. Para hacer el cierre de caja, sigue los siguientes pasos. Paso 1: [&hellip;]\" \/>\n<meta property=\"og:url\" content=\"https:\/\/aplimedia.com\/tutoriales\/tpv\/cierre-de-caja\/\" \/>\n<meta property=\"og:site_name\" content=\"Tutoriales de Secre\" \/>\n<meta property=\"article:modified_time\" content=\"2025-03-11T14:24:35+00:00\" \/>\n<meta property=\"og:image\" content=\"https:\/\/aplimedia.com\/tutoriales\/wp-content\/uploads\/2021\/05\/cierredecaja.gif\" \/>\n\t<meta property=\"og:image:width\" content=\"903\" \/>\n\t<meta property=\"og:image:height\" content=\"515\" \/>\n\t<meta property=\"og:image:type\" content=\"image\/gif\" \/>\n<meta name=\"twitter:card\" content=\"summary_large_image\" \/>\n<meta name=\"twitter:label1\" content=\"Tiempo de lectura\" \/>\n\t<meta name=\"twitter:data1\" content=\"4 minutos\" \/>\n<script type=\"application\/ld+json\" class=\"yoast-schema-graph\">{\"@context\":\"https:\\\/\\\/schema.org\",\"@graph\":[{\"@type\":\"WebPage\",\"@id\":\"https:\\\/\\\/aplimedia.com\\\/tutoriales\\\/tpv\\\/cierre-de-caja\\\/\",\"url\":\"https:\\\/\\\/aplimedia.com\\\/tutoriales\\\/tpv\\\/cierre-de-caja\\\/\",\"name\":\"C\u00f3mo hacer el cierre de caja | Tutoriales de Secre\",\"isPartOf\":{\"@id\":\"https:\\\/\\\/aplimedia.com\\\/tutoriales\\\/#website\"},\"primaryImageOfPage\":{\"@id\":\"https:\\\/\\\/aplimedia.com\\\/tutoriales\\\/tpv\\\/cierre-de-caja\\\/#primaryimage\"},\"image\":{\"@id\":\"https:\\\/\\\/aplimedia.com\\\/tutoriales\\\/tpv\\\/cierre-de-caja\\\/#primaryimage\"},\"thumbnailUrl\":\"https:\\\/\\\/aplimedia.com\\\/tutoriales\\\/wp-content\\\/uploads\\\/2021\\\/05\\\/cierredecaja.gif\",\"datePublished\":\"2021-05-12T10:00:32+00:00\",\"dateModified\":\"2025-03-11T14:24:35+00:00\",\"breadcrumb\":{\"@id\":\"https:\\\/\\\/aplimedia.com\\\/tutoriales\\\/tpv\\\/cierre-de-caja\\\/#breadcrumb\"},\"inLanguage\":\"es\",\"potentialAction\":[{\"@type\":\"ReadAction\",\"target\":[\"https:\\\/\\\/aplimedia.com\\\/tutoriales\\\/tpv\\\/cierre-de-caja\\\/\"]}]},{\"@type\":\"ImageObject\",\"inLanguage\":\"es\",\"@id\":\"https:\\\/\\\/aplimedia.com\\\/tutoriales\\\/tpv\\\/cierre-de-caja\\\/#primaryimage\",\"url\":\"https:\\\/\\\/aplimedia.com\\\/tutoriales\\\/wp-content\\\/uploads\\\/2021\\\/05\\\/cierredecaja.gif\",\"contentUrl\":\"https:\\\/\\\/aplimedia.com\\\/tutoriales\\\/wp-content\\\/uploads\\\/2021\\\/05\\\/cierredecaja.gif\",\"width\":903,\"height\":515},{\"@type\":\"BreadcrumbList\",\"@id\":\"https:\\\/\\\/aplimedia.com\\\/tutoriales\\\/tpv\\\/cierre-de-caja\\\/#breadcrumb\",\"itemListElement\":[{\"@type\":\"ListItem\",\"position\":1,\"name\":\"Tutoriales\",\"item\":\"https:\\\/\\\/aplimedia.com\\\/tutoriales\\\/\"},{\"@type\":\"ListItem\",\"position\":2,\"name\":\"TPV\",\"item\":\"https:\\\/\\\/aplimedia.com\\\/tutoriales\\\/tpv\\\/\"},{\"@type\":\"ListItem\",\"position\":3,\"name\":\"C\u00f3mo hacer el cierre de caja\"}]},{\"@type\":\"WebSite\",\"@id\":\"https:\\\/\\\/aplimedia.com\\\/tutoriales\\\/#website\",\"url\":\"https:\\\/\\\/aplimedia.com\\\/tutoriales\\\/\",\"name\":\"Tutoriales de Secre\",\"description\":\"Tutoriales del software de gesti\u00f3n Secre\",\"publisher\":{\"@id\":\"https:\\\/\\\/aplimedia.com\\\/tutoriales\\\/#organization\"},\"potentialAction\":[{\"@type\":\"SearchAction\",\"target\":{\"@type\":\"EntryPoint\",\"urlTemplate\":\"https:\\\/\\\/aplimedia.com\\\/tutoriales\\\/?s={search_term_string}\"},\"query-input\":{\"@type\":\"PropertyValueSpecification\",\"valueRequired\":true,\"valueName\":\"search_term_string\"}}],\"inLanguage\":\"es\"},{\"@type\":\"Organization\",\"@id\":\"https:\\\/\\\/aplimedia.com\\\/tutoriales\\\/#organization\",\"name\":\"Tutoriales de Secre\",\"url\":\"https:\\\/\\\/aplimedia.com\\\/tutoriales\\\/\",\"logo\":{\"@type\":\"ImageObject\",\"inLanguage\":\"es\",\"@id\":\"https:\\\/\\\/aplimedia.com\\\/tutoriales\\\/#\\\/schema\\\/logo\\\/image\\\/\",\"url\":\"https:\\\/\\\/aplimedia.com\\\/tutoriales\\\/wp-content\\\/uploads\\\/2022\\\/03\\\/cropped-logotipo-aplimedia.png\",\"contentUrl\":\"https:\\\/\\\/aplimedia.com\\\/tutoriales\\\/wp-content\\\/uploads\\\/2022\\\/03\\\/cropped-logotipo-aplimedia.png\",\"width\":2000,\"height\":658,\"caption\":\"Tutoriales de Secre\"},\"image\":{\"@id\":\"https:\\\/\\\/aplimedia.com\\\/tutoriales\\\/#\\\/schema\\\/logo\\\/image\\\/\"}}]}<\/script>\n<!-- \/ Yoast SEO plugin. -->","yoast_head_json":{"title":"C\u00f3mo hacer el cierre de caja | Tutoriales de Secre","robots":{"index":"index","follow":"follow","max-snippet":"max-snippet:-1","max-image-preview":"max-image-preview:large","max-video-preview":"max-video-preview:-1"},"canonical":"https:\/\/aplimedia.com\/tutoriales\/tpv\/cierre-de-caja\/","og_locale":"es_ES","og_type":"article","og_title":"C\u00f3mo hacer el cierre de caja | Tutoriales de Secre","og_description":"El m\u00f3dulo TPV de Secre incluye una herramienta para realizar el cierre de caja al final del d\u00eda. Desde esta herramienta es desde donde consultaremos los movimientos del d\u00eda, el saldo inicial y el saldo final, que deber\u00e1 coincidir con nuestra caja real. Para hacer el cierre de caja, sigue los siguientes pasos. Paso 1: [&hellip;]","og_url":"https:\/\/aplimedia.com\/tutoriales\/tpv\/cierre-de-caja\/","og_site_name":"Tutoriales de Secre","article_modified_time":"2025-03-11T14:24:35+00:00","og_image":[{"width":903,"height":515,"url":"https:\/\/aplimedia.com\/tutoriales\/wp-content\/uploads\/2021\/05\/cierredecaja.gif","type":"image\/gif"}],"twitter_card":"summary_large_image","twitter_misc":{"Tiempo de lectura":"4 minutos"},"schema":{"@context":"https:\/\/schema.org","@graph":[{"@type":"WebPage","@id":"https:\/\/aplimedia.com\/tutoriales\/tpv\/cierre-de-caja\/","url":"https:\/\/aplimedia.com\/tutoriales\/tpv\/cierre-de-caja\/","name":"C\u00f3mo hacer el cierre de caja | Tutoriales de Secre","isPartOf":{"@id":"https:\/\/aplimedia.com\/tutoriales\/#website"},"primaryImageOfPage":{"@id":"https:\/\/aplimedia.com\/tutoriales\/tpv\/cierre-de-caja\/#primaryimage"},"image":{"@id":"https:\/\/aplimedia.com\/tutoriales\/tpv\/cierre-de-caja\/#primaryimage"},"thumbnailUrl":"https:\/\/aplimedia.com\/tutoriales\/wp-content\/uploads\/2021\/05\/cierredecaja.gif","datePublished":"2021-05-12T10:00:32+00:00","dateModified":"2025-03-11T14:24:35+00:00","breadcrumb":{"@id":"https:\/\/aplimedia.com\/tutoriales\/tpv\/cierre-de-caja\/#breadcrumb"},"inLanguage":"es","potentialAction":[{"@type":"ReadAction","target":["https:\/\/aplimedia.com\/tutoriales\/tpv\/cierre-de-caja\/"]}]},{"@type":"ImageObject","inLanguage":"es","@id":"https:\/\/aplimedia.com\/tutoriales\/tpv\/cierre-de-caja\/#primaryimage","url":"https:\/\/aplimedia.com\/tutoriales\/wp-content\/uploads\/2021\/05\/cierredecaja.gif","contentUrl":"https:\/\/aplimedia.com\/tutoriales\/wp-content\/uploads\/2021\/05\/cierredecaja.gif","width":903,"height":515},{"@type":"BreadcrumbList","@id":"https:\/\/aplimedia.com\/tutoriales\/tpv\/cierre-de-caja\/#breadcrumb","itemListElement":[{"@type":"ListItem","position":1,"name":"Tutoriales","item":"https:\/\/aplimedia.com\/tutoriales\/"},{"@type":"ListItem","position":2,"name":"TPV","item":"https:\/\/aplimedia.com\/tutoriales\/tpv\/"},{"@type":"ListItem","position":3,"name":"C\u00f3mo hacer el cierre de caja"}]},{"@type":"WebSite","@id":"https:\/\/aplimedia.com\/tutoriales\/#website","url":"https:\/\/aplimedia.com\/tutoriales\/","name":"Tutoriales de Secre","description":"Tutoriales del software de gesti\u00f3n Secre","publisher":{"@id":"https:\/\/aplimedia.com\/tutoriales\/#organization"},"potentialAction":[{"@type":"SearchAction","target":{"@type":"EntryPoint","urlTemplate":"https:\/\/aplimedia.com\/tutoriales\/?s={search_term_string}"},"query-input":{"@type":"PropertyValueSpecification","valueRequired":true,"valueName":"search_term_string"}}],"inLanguage":"es"},{"@type":"Organization","@id":"https:\/\/aplimedia.com\/tutoriales\/#organization","name":"Tutoriales de Secre","url":"https:\/\/aplimedia.com\/tutoriales\/","logo":{"@type":"ImageObject","inLanguage":"es","@id":"https:\/\/aplimedia.com\/tutoriales\/#\/schema\/logo\/image\/","url":"https:\/\/aplimedia.com\/tutoriales\/wp-content\/uploads\/2022\/03\/cropped-logotipo-aplimedia.png","contentUrl":"https:\/\/aplimedia.com\/tutoriales\/wp-content\/uploads\/2022\/03\/cropped-logotipo-aplimedia.png","width":2000,"height":658,"caption":"Tutoriales de Secre"},"image":{"@id":"https:\/\/aplimedia.com\/tutoriales\/#\/schema\/logo\/image\/"}}]}},"_links":{"self":[{"href":"https:\/\/aplimedia.com\/tutoriales\/wp-json\/wp\/v2\/pages\/3869","targetHints":{"allow":["GET"]}}],"collection":[{"href":"https:\/\/aplimedia.com\/tutoriales\/wp-json\/wp\/v2\/pages"}],"about":[{"href":"https:\/\/aplimedia.com\/tutoriales\/wp-json\/wp\/v2\/types\/page"}],"author":[{"embeddable":true,"href":"https:\/\/aplimedia.com\/tutoriales\/wp-json\/wp\/v2\/users\/1"}],"replies":[{"embeddable":true,"href":"https:\/\/aplimedia.com\/tutoriales\/wp-json\/wp\/v2\/comments?post=3869"}],"version-history":[{"count":0,"href":"https:\/\/aplimedia.com\/tutoriales\/wp-json\/wp\/v2\/pages\/3869\/revisions"}],"up":[{"embeddable":true,"href":"https:\/\/aplimedia.com\/tutoriales\/wp-json\/wp\/v2\/pages\/4174"}],"wp:attachment":[{"href":"https:\/\/aplimedia.com\/tutoriales\/wp-json\/wp\/v2\/media?parent=3869"}],"curies":[{"name":"wp","href":"https:\/\/api.w.org\/{rel}","templated":true}]}}