{"id":2695,"date":"2019-04-03T10:38:13","date_gmt":"2019-04-03T10:38:13","guid":{"rendered":"https:\/\/aplimedia.com\/tutoriales\/?page_id=2695"},"modified":"2025-03-12T15:05:00","modified_gmt":"2025-03-12T15:05:00","slug":"crear-movimientos-cuaderno-43","status":"publish","type":"page","link":"https:\/\/aplimedia.com\/tutoriales\/movimientos-cobros-y-pagos\/crear-movimientos-cuaderno-43\/","title":{"rendered":"Crear movimientos a partir del Cuaderno 43"},"content":{"rendered":"\t\t<div data-elementor-type=\"wp-post\" data-elementor-id=\"2695\" class=\"elementor elementor-2695\" data-elementor-post-type=\"page\">\n\t\t\t\t\t\t<section class=\"elementor-section elementor-top-section elementor-element elementor-element-4594cb3e elementor-section-stretched elementor-section-boxed elementor-section-height-default elementor-section-height-default\" data-id=\"4594cb3e\" data-element_type=\"section\" data-e-type=\"section\" data-settings=\"{&quot;stretch_section&quot;:&quot;section-stretched&quot;}\">\n\t\t\t\t\t\t<div class=\"elementor-container elementor-column-gap-default\">\n\t\t\t\t\t<div class=\"elementor-column elementor-col-100 elementor-top-column elementor-element elementor-element-53a1879d\" data-id=\"53a1879d\" data-element_type=\"column\" data-e-type=\"column\">\n\t\t\t<div class=\"elementor-widget-wrap elementor-element-populated\">\n\t\t\t\t\t\t<div class=\"elementor-element elementor-element-6e913fa elementor-widget elementor-widget-text-editor\" data-id=\"6e913fa\" data-element_type=\"widget\" data-e-type=\"widget\" data-widget_type=\"text-editor.default\">\n\t\t\t\t<div class=\"elementor-widget-container\">\n\t\t\t\t\t\t\t\t\t<p>Si todav\u00eda no sabes c\u00f3mo acceder a la pantalla del Cuaderno 43 y cargar tu fichero, revisar el tutorial: <a href=\"https:\/\/aplimedia.com\/tutoriales\/movimientos-cobros-y-pagos\/cuaderno-43\/\">Saldar bancos con el Cuaderno 43<\/a>.<\/p><p>Puede darse el caso de que, en tu extracto del Cuaderno 43, figuren movimientos que todav\u00eda no hab\u00edas a\u00f1adido al programa. Tienes la posibilidad de crear autom\u00e1ticamente esas compras, ventas o movimientos de cobro o pago, con un simple paso.\u00a0<\/p><p>Vamos a ver c\u00f3mo hacerlo.<\/p>\t\t\t\t\t\t\t\t<\/div>\n\t\t\t\t<\/div>\n\t\t\t\t<div class=\"elementor-element elementor-element-e80725a elementor-widget elementor-widget-spacer\" data-id=\"e80725a\" data-element_type=\"widget\" data-e-type=\"widget\" data-widget_type=\"spacer.default\">\n\t\t\t\t<div class=\"elementor-widget-container\">\n\t\t\t\t\t\t\t<div class=\"elementor-spacer\">\n\t\t\t<div class=\"elementor-spacer-inner\"><\/div>\n\t\t<\/div>\n\t\t\t\t\t\t<\/div>\n\t\t\t\t<\/div>\n\t\t\t\t<div class=\"elementor-element elementor-element-e3e375c elementor-widget elementor-widget-heading\" data-id=\"e3e375c\" data-element_type=\"widget\" data-e-type=\"widget\" data-widget_type=\"heading.default\">\n\t\t\t\t<div class=\"elementor-widget-container\">\n\t\t\t\t\t<h2 class=\"elementor-heading-title elementor-size-default\">Paso 1:<\/h2>\t\t\t\t<\/div>\n\t\t\t\t<\/div>\n\t\t\t\t<div class=\"elementor-element elementor-element-001d80a elementor-widget elementor-widget-text-editor\" data-id=\"001d80a\" data-element_type=\"widget\" data-e-type=\"widget\" data-widget_type=\"text-editor.default\">\n\t\t\t\t<div class=\"elementor-widget-container\">\n\t\t\t\t\t\t\t\t\t<p>Una vez dentro de la pantalla de consolidar bancos con el Cuaderno 43 (a la que accedemos desde Movimientos de Cobros y Pagos, desde la opci\u00f3n del men\u00fa <em>Herramientas&gt;Consolidar bancos, cuaderno 43<\/em>), y con tu fichero 43 ya cargado, simplemente selecciona de la derecha el movimiento a partir del cual crear esa nueva venta, compra o movimiento, y haz click abajo en <em><strong>Crear movimiento apunte seleccionado<\/strong><\/em>.<\/p><p>Tienes tres opciones. Puedes crear un nuevo Movimiento de Cobro o Pago (es decir, movimientos que no proceden ni de compras ni de ventas, como pueden ser intereses, impuestos&#8230;) indicando a qu\u00e9 cuenta va y pinchando en Aceptar.<\/p>\t\t\t\t\t\t\t\t<\/div>\n\t\t\t\t<\/div>\n\t\t\t\t<section class=\"elementor-section elementor-inner-section elementor-element elementor-element-d81e420 elementor-section-boxed elementor-section-height-default elementor-section-height-default\" data-id=\"d81e420\" data-element_type=\"section\" data-e-type=\"section\">\n\t\t\t\t\t\t<div class=\"elementor-container elementor-column-gap-default\">\n\t\t\t\t\t<div class=\"elementor-column elementor-col-100 elementor-inner-column elementor-element elementor-element-e867145\" data-id=\"e867145\" data-element_type=\"column\" data-e-type=\"column\">\n\t\t\t<div class=\"elementor-widget-wrap elementor-element-populated\">\n\t\t\t\t\t\t<div class=\"elementor-element elementor-element-61a7dca elementor-widget elementor-widget-image\" data-id=\"61a7dca\" data-element_type=\"widget\" data-e-type=\"widget\" data-widget_type=\"image.default\">\n\t\t\t\t<div class=\"elementor-widget-container\">\n\t\t\t\t\t\t\t\t\t\t\t\t\t\t\t<img fetchpriority=\"high\" decoding=\"async\" width=\"1255\" height=\"653\" src=\"https:\/\/aplimedia.com\/tutoriales\/wp-content\/uploads\/2019\/04\/saldarbancoscuaderno43_2.gif\" class=\"attachment-full size-full wp-image-2689\" alt=\"\" \/>\t\t\t\t\t\t\t\t\t\t\t\t\t\t\t<\/div>\n\t\t\t\t<\/div>\n\t\t\t\t\t<\/div>\n\t\t<\/div>\n\t\t\t\t\t<\/div>\n\t\t<\/section>\n\t\t\t\t<section class=\"elementor-section elementor-inner-section elementor-element elementor-element-0b957db elementor-section-boxed elementor-section-height-default elementor-section-height-default\" data-id=\"0b957db\" data-element_type=\"section\" data-e-type=\"section\">\n\t\t\t\t\t\t<div class=\"elementor-container elementor-column-gap-default\">\n\t\t\t\t\t<div class=\"elementor-column elementor-col-100 elementor-inner-column elementor-element elementor-element-7f8cd71\" data-id=\"7f8cd71\" data-element_type=\"column\" data-e-type=\"column\">\n\t\t\t<div class=\"elementor-widget-wrap elementor-element-populated\">\n\t\t\t\t\t\t<div class=\"elementor-element elementor-element-5ba8602 elementor-widget elementor-widget-text-editor\" data-id=\"5ba8602\" data-element_type=\"widget\" data-e-type=\"widget\" data-widget_type=\"text-editor.default\">\n\t\t\t\t<div class=\"elementor-widget-container\">\n\t\t\t\t\t\t\t\t\t<p>Si lo que quieres es crear una compra o una venta a partir del movimiento, los pasos son similares: haz click en el movimiento del Cuaderno 43, luego en Crear movimiento apunte seleccionado, y luego haz click en <strong>Acceso crear venta\/compra<\/strong>.<\/p>\t\t\t\t\t\t\t\t<\/div>\n\t\t\t\t<\/div>\n\t\t\t\t<div class=\"elementor-element elementor-element-1fca96d elementor-widget elementor-widget-image\" data-id=\"1fca96d\" data-element_type=\"widget\" data-e-type=\"widget\" data-widget_type=\"image.default\">\n\t\t\t\t<div class=\"elementor-widget-container\">\n\t\t\t\t\t\t\t\t\t\t\t\t\t\t\t<img decoding=\"async\" width=\"1216\" height=\"653\" src=\"https:\/\/aplimedia.com\/tutoriales\/wp-content\/uploads\/2019\/04\/saldarbancoscuaderno43_3.gif\" class=\"attachment-full size-full wp-image-2690\" alt=\"\" \/>\t\t\t\t\t\t\t\t\t\t\t\t\t\t\t<\/div>\n\t\t\t\t<\/div>\n\t\t\t\t\t<\/div>\n\t\t<\/div>\n\t\t\t\t\t<\/div>\n\t\t<\/section>\n\t\t\t\t<div class=\"elementor-element elementor-element-b4807c6 elementor-widget elementor-widget-text-editor\" data-id=\"b4807c6\" data-element_type=\"widget\" data-e-type=\"widget\" data-widget_type=\"text-editor.default\">\n\t\t\t\t<div class=\"elementor-widget-container\">\n\t\t\t\t\t\t\t\t\t<p>Se abrir\u00e1 una nueva pantalla donde introducir si se trata de una<b> venta a un cliente<\/b> o una<b> compra a un proveedor<\/b>, el <b>importe\u00a0<\/b>y la <b>fecha <\/b>y <b>n\u00famero de factura<\/b>.\u00a0<\/p><p>Guarda con el disquette los datos introducidos, ver\u00e1s que arriba se habilita la opci\u00f3n de generar autom\u00e1ticamente las facturas. Genera la factura y ya podr\u00e1s emparejar ese movimiento pendiente que se ha creado con el movimiento a partir del cual lo hemos creado.\u00a0<\/p><p>Tambi\u00e9n ver\u00e1s, en Ventas o en Compras, que se ha creado su correspondiente venta o compra, que figurar\u00e1 como cobrada o pagada si hemos emparejado el movimiento..<\/p>\t\t\t\t\t\t\t\t<\/div>\n\t\t\t\t<\/div>\n\t\t\t\t<div class=\"elementor-element elementor-element-84343c3 elementor-widget elementor-widget-image\" data-id=\"84343c3\" data-element_type=\"widget\" data-e-type=\"widget\" data-widget_type=\"image.default\">\n\t\t\t\t<div class=\"elementor-widget-container\">\n\t\t\t\t\t\t\t\t\t\t\t\t\t\t\t<img decoding=\"async\" width=\"946\" height=\"557\" src=\"https:\/\/aplimedia.com\/tutoriales\/wp-content\/uploads\/2019\/04\/saldarbancoscuaderno43_8.gif\" class=\"attachment-full size-full wp-image-2704\" alt=\"\" \/>\t\t\t\t\t\t\t\t\t\t\t\t\t\t\t<\/div>\n\t\t\t\t<\/div>\n\t\t\t\t<div class=\"elementor-element elementor-element-30b39e9c elementor-widget elementor-widget-spacer\" data-id=\"30b39e9c\" data-element_type=\"widget\" data-e-type=\"widget\" data-widget_type=\"spacer.default\">\n\t\t\t\t<div class=\"elementor-widget-container\">\n\t\t\t\t\t\t\t<div class=\"elementor-spacer\">\n\t\t\t<div class=\"elementor-spacer-inner\"><\/div>\n\t\t<\/div>\n\t\t\t\t\t\t<\/div>\n\t\t\t\t<\/div>\n\t\t\t\t\t<\/div>\n\t\t<\/div>\n\t\t\t\t\t<\/div>\n\t\t<\/section>\n\t\t\t\t<\/div>\n\t\t","protected":false},"excerpt":{"rendered":"<p>Si todav\u00eda no sabes c\u00f3mo acceder a la pantalla del Cuaderno 43 y cargar tu fichero, revisar el tutorial: Saldar bancos con el Cuaderno 43. Puede darse el caso de que, en tu extracto del Cuaderno 43, figuren movimientos que todav\u00eda no hab\u00edas a\u00f1adido al programa. Tienes la posibilidad de crear autom\u00e1ticamente esas compras, ventas [&hellip;]<\/p>\n","protected":false},"author":1,"featured_media":0,"parent":1198,"menu_order":0,"comment_status":"closed","ping_status":"closed","template":"","meta":{"footnotes":""},"class_list":["post-2695","page","type-page","status-publish","hentry"],"yoast_head":"<!-- This site is optimized with the Yoast SEO plugin v27.5 - https:\/\/yoast.com\/product\/yoast-seo-wordpress\/ -->\n<title>Crear movimientos a partir del Cuaderno 43 | Tutoriales de Secre<\/title>\n<meta name=\"robots\" content=\"index, follow, max-snippet:-1, max-image-preview:large, max-video-preview:-1\" \/>\n<link rel=\"canonical\" href=\"https:\/\/aplimedia.com\/tutoriales\/movimientos-cobros-y-pagos\/crear-movimientos-cuaderno-43\/\" \/>\n<meta property=\"og:locale\" content=\"es_ES\" \/>\n<meta property=\"og:type\" content=\"article\" \/>\n<meta property=\"og:title\" content=\"Crear movimientos a partir del Cuaderno 43 | Tutoriales de Secre\" \/>\n<meta property=\"og:description\" content=\"Si todav\u00eda no sabes c\u00f3mo acceder a la pantalla del Cuaderno 43 y cargar tu fichero, revisar el tutorial: Saldar bancos con el Cuaderno 43. Puede darse el caso de que, en tu extracto del Cuaderno 43, figuren movimientos que todav\u00eda no hab\u00edas a\u00f1adido al programa. Tienes la posibilidad de crear autom\u00e1ticamente esas compras, ventas [&hellip;]\" \/>\n<meta property=\"og:url\" content=\"https:\/\/aplimedia.com\/tutoriales\/movimientos-cobros-y-pagos\/crear-movimientos-cuaderno-43\/\" \/>\n<meta property=\"og:site_name\" content=\"Tutoriales de Secre\" \/>\n<meta property=\"article:modified_time\" content=\"2025-03-12T15:05:00+00:00\" \/>\n<meta property=\"og:image\" content=\"https:\/\/aplimedia.com\/tutoriales\/wp-content\/uploads\/2019\/04\/saldarbancoscuaderno43_2.gif\" \/>\n\t<meta property=\"og:image:width\" content=\"1255\" \/>\n\t<meta property=\"og:image:height\" content=\"653\" \/>\n\t<meta property=\"og:image:type\" content=\"image\/gif\" \/>\n<meta name=\"twitter:card\" content=\"summary_large_image\" \/>\n<meta name=\"twitter:label1\" content=\"Tiempo de lectura\" \/>\n\t<meta name=\"twitter:data1\" content=\"3 minutos\" \/>\n<script type=\"application\/ld+json\" class=\"yoast-schema-graph\">{\"@context\":\"https:\\\/\\\/schema.org\",\"@graph\":[{\"@type\":\"WebPage\",\"@id\":\"https:\\\/\\\/aplimedia.com\\\/tutoriales\\\/movimientos-cobros-y-pagos\\\/crear-movimientos-cuaderno-43\\\/\",\"url\":\"https:\\\/\\\/aplimedia.com\\\/tutoriales\\\/movimientos-cobros-y-pagos\\\/crear-movimientos-cuaderno-43\\\/\",\"name\":\"Crear movimientos a partir del Cuaderno 43 | Tutoriales de Secre\",\"isPartOf\":{\"@id\":\"https:\\\/\\\/aplimedia.com\\\/tutoriales\\\/#website\"},\"primaryImageOfPage\":{\"@id\":\"https:\\\/\\\/aplimedia.com\\\/tutoriales\\\/movimientos-cobros-y-pagos\\\/crear-movimientos-cuaderno-43\\\/#primaryimage\"},\"image\":{\"@id\":\"https:\\\/\\\/aplimedia.com\\\/tutoriales\\\/movimientos-cobros-y-pagos\\\/crear-movimientos-cuaderno-43\\\/#primaryimage\"},\"thumbnailUrl\":\"https:\\\/\\\/aplimedia.com\\\/tutoriales\\\/wp-content\\\/uploads\\\/2019\\\/04\\\/saldarbancoscuaderno43_2.gif\",\"datePublished\":\"2019-04-03T10:38:13+00:00\",\"dateModified\":\"2025-03-12T15:05:00+00:00\",\"breadcrumb\":{\"@id\":\"https:\\\/\\\/aplimedia.com\\\/tutoriales\\\/movimientos-cobros-y-pagos\\\/crear-movimientos-cuaderno-43\\\/#breadcrumb\"},\"inLanguage\":\"es\",\"potentialAction\":[{\"@type\":\"ReadAction\",\"target\":[\"https:\\\/\\\/aplimedia.com\\\/tutoriales\\\/movimientos-cobros-y-pagos\\\/crear-movimientos-cuaderno-43\\\/\"]}]},{\"@type\":\"ImageObject\",\"inLanguage\":\"es\",\"@id\":\"https:\\\/\\\/aplimedia.com\\\/tutoriales\\\/movimientos-cobros-y-pagos\\\/crear-movimientos-cuaderno-43\\\/#primaryimage\",\"url\":\"https:\\\/\\\/aplimedia.com\\\/tutoriales\\\/wp-content\\\/uploads\\\/2019\\\/04\\\/saldarbancoscuaderno43_2.gif\",\"contentUrl\":\"https:\\\/\\\/aplimedia.com\\\/tutoriales\\\/wp-content\\\/uploads\\\/2019\\\/04\\\/saldarbancoscuaderno43_2.gif\",\"width\":1255,\"height\":653},{\"@type\":\"BreadcrumbList\",\"@id\":\"https:\\\/\\\/aplimedia.com\\\/tutoriales\\\/movimientos-cobros-y-pagos\\\/crear-movimientos-cuaderno-43\\\/#breadcrumb\",\"itemListElement\":[{\"@type\":\"ListItem\",\"position\":1,\"name\":\"Tutoriales\",\"item\":\"https:\\\/\\\/aplimedia.com\\\/tutoriales\\\/\"},{\"@type\":\"ListItem\",\"position\":2,\"name\":\"Movimientos de Cobros y Pagos\",\"item\":\"https:\\\/\\\/aplimedia.com\\\/tutoriales\\\/movimientos-cobros-y-pagos\\\/\"},{\"@type\":\"ListItem\",\"position\":3,\"name\":\"Crear movimientos a partir del Cuaderno 43\"}]},{\"@type\":\"WebSite\",\"@id\":\"https:\\\/\\\/aplimedia.com\\\/tutoriales\\\/#website\",\"url\":\"https:\\\/\\\/aplimedia.com\\\/tutoriales\\\/\",\"name\":\"Tutoriales de Secre\",\"description\":\"Tutoriales del software de gesti\u00f3n Secre\",\"publisher\":{\"@id\":\"https:\\\/\\\/aplimedia.com\\\/tutoriales\\\/#organization\"},\"potentialAction\":[{\"@type\":\"SearchAction\",\"target\":{\"@type\":\"EntryPoint\",\"urlTemplate\":\"https:\\\/\\\/aplimedia.com\\\/tutoriales\\\/?s={search_term_string}\"},\"query-input\":{\"@type\":\"PropertyValueSpecification\",\"valueRequired\":true,\"valueName\":\"search_term_string\"}}],\"inLanguage\":\"es\"},{\"@type\":\"Organization\",\"@id\":\"https:\\\/\\\/aplimedia.com\\\/tutoriales\\\/#organization\",\"name\":\"Tutoriales de Secre\",\"url\":\"https:\\\/\\\/aplimedia.com\\\/tutoriales\\\/\",\"logo\":{\"@type\":\"ImageObject\",\"inLanguage\":\"es\",\"@id\":\"https:\\\/\\\/aplimedia.com\\\/tutoriales\\\/#\\\/schema\\\/logo\\\/image\\\/\",\"url\":\"https:\\\/\\\/aplimedia.com\\\/tutoriales\\\/wp-content\\\/uploads\\\/2022\\\/03\\\/cropped-logotipo-aplimedia.png\",\"contentUrl\":\"https:\\\/\\\/aplimedia.com\\\/tutoriales\\\/wp-content\\\/uploads\\\/2022\\\/03\\\/cropped-logotipo-aplimedia.png\",\"width\":2000,\"height\":658,\"caption\":\"Tutoriales de Secre\"},\"image\":{\"@id\":\"https:\\\/\\\/aplimedia.com\\\/tutoriales\\\/#\\\/schema\\\/logo\\\/image\\\/\"}}]}<\/script>\n<!-- \/ Yoast SEO plugin. -->","yoast_head_json":{"title":"Crear movimientos a partir del Cuaderno 43 | Tutoriales de Secre","robots":{"index":"index","follow":"follow","max-snippet":"max-snippet:-1","max-image-preview":"max-image-preview:large","max-video-preview":"max-video-preview:-1"},"canonical":"https:\/\/aplimedia.com\/tutoriales\/movimientos-cobros-y-pagos\/crear-movimientos-cuaderno-43\/","og_locale":"es_ES","og_type":"article","og_title":"Crear movimientos a partir del Cuaderno 43 | Tutoriales de Secre","og_description":"Si todav\u00eda no sabes c\u00f3mo acceder a la pantalla del Cuaderno 43 y cargar tu fichero, revisar el tutorial: Saldar bancos con el Cuaderno 43. Puede darse el caso de que, en tu extracto del Cuaderno 43, figuren movimientos que todav\u00eda no hab\u00edas a\u00f1adido al programa. Tienes la posibilidad de crear autom\u00e1ticamente esas compras, ventas [&hellip;]","og_url":"https:\/\/aplimedia.com\/tutoriales\/movimientos-cobros-y-pagos\/crear-movimientos-cuaderno-43\/","og_site_name":"Tutoriales de Secre","article_modified_time":"2025-03-12T15:05:00+00:00","og_image":[{"width":1255,"height":653,"url":"https:\/\/aplimedia.com\/tutoriales\/wp-content\/uploads\/2019\/04\/saldarbancoscuaderno43_2.gif","type":"image\/gif"}],"twitter_card":"summary_large_image","twitter_misc":{"Tiempo de lectura":"3 minutos"},"schema":{"@context":"https:\/\/schema.org","@graph":[{"@type":"WebPage","@id":"https:\/\/aplimedia.com\/tutoriales\/movimientos-cobros-y-pagos\/crear-movimientos-cuaderno-43\/","url":"https:\/\/aplimedia.com\/tutoriales\/movimientos-cobros-y-pagos\/crear-movimientos-cuaderno-43\/","name":"Crear movimientos a partir del Cuaderno 43 | Tutoriales de Secre","isPartOf":{"@id":"https:\/\/aplimedia.com\/tutoriales\/#website"},"primaryImageOfPage":{"@id":"https:\/\/aplimedia.com\/tutoriales\/movimientos-cobros-y-pagos\/crear-movimientos-cuaderno-43\/#primaryimage"},"image":{"@id":"https:\/\/aplimedia.com\/tutoriales\/movimientos-cobros-y-pagos\/crear-movimientos-cuaderno-43\/#primaryimage"},"thumbnailUrl":"https:\/\/aplimedia.com\/tutoriales\/wp-content\/uploads\/2019\/04\/saldarbancoscuaderno43_2.gif","datePublished":"2019-04-03T10:38:13+00:00","dateModified":"2025-03-12T15:05:00+00:00","breadcrumb":{"@id":"https:\/\/aplimedia.com\/tutoriales\/movimientos-cobros-y-pagos\/crear-movimientos-cuaderno-43\/#breadcrumb"},"inLanguage":"es","potentialAction":[{"@type":"ReadAction","target":["https:\/\/aplimedia.com\/tutoriales\/movimientos-cobros-y-pagos\/crear-movimientos-cuaderno-43\/"]}]},{"@type":"ImageObject","inLanguage":"es","@id":"https:\/\/aplimedia.com\/tutoriales\/movimientos-cobros-y-pagos\/crear-movimientos-cuaderno-43\/#primaryimage","url":"https:\/\/aplimedia.com\/tutoriales\/wp-content\/uploads\/2019\/04\/saldarbancoscuaderno43_2.gif","contentUrl":"https:\/\/aplimedia.com\/tutoriales\/wp-content\/uploads\/2019\/04\/saldarbancoscuaderno43_2.gif","width":1255,"height":653},{"@type":"BreadcrumbList","@id":"https:\/\/aplimedia.com\/tutoriales\/movimientos-cobros-y-pagos\/crear-movimientos-cuaderno-43\/#breadcrumb","itemListElement":[{"@type":"ListItem","position":1,"name":"Tutoriales","item":"https:\/\/aplimedia.com\/tutoriales\/"},{"@type":"ListItem","position":2,"name":"Movimientos de Cobros y Pagos","item":"https:\/\/aplimedia.com\/tutoriales\/movimientos-cobros-y-pagos\/"},{"@type":"ListItem","position":3,"name":"Crear movimientos a partir del Cuaderno 43"}]},{"@type":"WebSite","@id":"https:\/\/aplimedia.com\/tutoriales\/#website","url":"https:\/\/aplimedia.com\/tutoriales\/","name":"Tutoriales de Secre","description":"Tutoriales del software de gesti\u00f3n Secre","publisher":{"@id":"https:\/\/aplimedia.com\/tutoriales\/#organization"},"potentialAction":[{"@type":"SearchAction","target":{"@type":"EntryPoint","urlTemplate":"https:\/\/aplimedia.com\/tutoriales\/?s={search_term_string}"},"query-input":{"@type":"PropertyValueSpecification","valueRequired":true,"valueName":"search_term_string"}}],"inLanguage":"es"},{"@type":"Organization","@id":"https:\/\/aplimedia.com\/tutoriales\/#organization","name":"Tutoriales de Secre","url":"https:\/\/aplimedia.com\/tutoriales\/","logo":{"@type":"ImageObject","inLanguage":"es","@id":"https:\/\/aplimedia.com\/tutoriales\/#\/schema\/logo\/image\/","url":"https:\/\/aplimedia.com\/tutoriales\/wp-content\/uploads\/2022\/03\/cropped-logotipo-aplimedia.png","contentUrl":"https:\/\/aplimedia.com\/tutoriales\/wp-content\/uploads\/2022\/03\/cropped-logotipo-aplimedia.png","width":2000,"height":658,"caption":"Tutoriales de Secre"},"image":{"@id":"https:\/\/aplimedia.com\/tutoriales\/#\/schema\/logo\/image\/"}}]}},"_links":{"self":[{"href":"https:\/\/aplimedia.com\/tutoriales\/wp-json\/wp\/v2\/pages\/2695","targetHints":{"allow":["GET"]}}],"collection":[{"href":"https:\/\/aplimedia.com\/tutoriales\/wp-json\/wp\/v2\/pages"}],"about":[{"href":"https:\/\/aplimedia.com\/tutoriales\/wp-json\/wp\/v2\/types\/page"}],"author":[{"embeddable":true,"href":"https:\/\/aplimedia.com\/tutoriales\/wp-json\/wp\/v2\/users\/1"}],"replies":[{"embeddable":true,"href":"https:\/\/aplimedia.com\/tutoriales\/wp-json\/wp\/v2\/comments?post=2695"}],"version-history":[{"count":0,"href":"https:\/\/aplimedia.com\/tutoriales\/wp-json\/wp\/v2\/pages\/2695\/revisions"}],"up":[{"embeddable":true,"href":"https:\/\/aplimedia.com\/tutoriales\/wp-json\/wp\/v2\/pages\/1198"}],"wp:attachment":[{"href":"https:\/\/aplimedia.com\/tutoriales\/wp-json\/wp\/v2\/media?parent=2695"}],"curies":[{"name":"wp","href":"https:\/\/api.w.org\/{rel}","templated":true}]}}